Last updated on 2025-05-06 12:49:44 CEST.
Flavor | Version | Tinstall | Tcheck | Ttotal | Status | Flags |
---|---|---|---|---|---|---|
r-devel-linux-x86_64-debian-clang | 0.2.0.2 | 56.08 | 86.43 | 142.51 | NOTE | |
r-devel-linux-x86_64-debian-gcc | 0.2.0.2 | 39.52 | 61.68 | 101.20 | NOTE | |
r-devel-linux-x86_64-fedora-clang | 0.2.0.2 | 269.82 | OK | |||
r-devel-linux-x86_64-fedora-gcc | 0.2.0.2 | 246.01 | OK | |||
r-devel-windows-x86_64 | 0.2.0.2 | 63.00 | 153.00 | 216.00 | OK | |
r-patched-linux-x86_64 | 0.2.0.2 | 53.75 | 82.26 | 136.01 | OK | |
r-release-linux-x86_64 | 0.2.0.2 | 53.92 | 82.23 | 136.15 | OK | |
r-release-macos-arm64 | 0.2.0.2 | 62.00 | OK | |||
r-release-macos-x86_64 | 0.2.0.2 | 102.00 | OK | |||
r-release-windows-x86_64 | 0.2.0.2 | 64.00 | 156.00 | 220.00 | OK | |
r-oldrel-macos-arm64 | 0.2.0.2 | 58.00 | OK | |||
r-oldrel-macos-x86_64 | 0.2.0.2 | 99.00 | OK | |||
r-oldrel-windows-x86_64 | 0.2.0.2 | 73.00 | 164.00 | 237.00 | OK |
Version: 0.2.0.2
Check: CRAN incoming feasibility
Result: NOTE
Maintainer: ‘Santiago Olivella <olivella@unc.edu>’
No Authors@R field in DESCRIPTION.
Please add one, modifying
Authors@R: c(person(given = "Santiago",
family = "Olivella",
role = c("aut", "cre"),
email = "olivella@unc.edu"),
person(given = "Adeline",
family = "Lo",
role = c("aut", "cre")),
person(given = "Tyler",
family = "Pratt",
role = c("aut", "cre")),
person(given = "Kosuke",
family = "Imai",
role = c("aut", "cre")))
as necessary.
Flavors: r-devel-linux-x86_64-debian-clang, r-devel-linux-x86_64-debian-gcc