CRAN Package Check Results for Package NTS

Last updated on 2022-06-29 11:52:16 CEST.

Flavor Version Tinstall Tcheck Ttotal Status Flags
r-devel-linux-x86_64-debian-clang 1.1.2 13.95 89.74 103.69 NOTE
r-devel-linux-x86_64-debian-gcc 1.1.2 9.87 67.01 76.88 NOTE
r-devel-linux-x86_64-fedora-clang 1.1.2 130.05 NOTE
r-devel-linux-x86_64-fedora-gcc 1.1.2 129.35 NOTE
r-devel-windows-x86_64 1.1.2 26.00 111.00 137.00 NOTE
r-patched-linux-x86_64 1.1.2 12.86 88.65 101.51 NOTE
r-release-linux-x86_64 1.1.2 8.10 88.79 96.89 NOTE
r-release-macos-arm64 1.1.2 33.00 NOTE
r-release-macos-x86_64 1.1.2 50.00 NOTE
r-release-windows-x86_64 1.1.2 25.00 110.00 135.00 NOTE
r-oldrel-macos-arm64 1.1.2 41.00 NOTE
r-oldrel-macos-x86_64 1.1.2 67.00 NOTE
r-oldrel-windows-ix86+x86_64 1.1.2 21.00 114.00 135.00 NOTE

Check Details

Version: 1.1.2
Check: LazyData
Result: NOTE
     'LazyData' is specified without a 'data' directory
Flavors: r-devel-linux-x86_64-debian-clang, r-devel-linux-x86_64-debian-gcc, r-devel-linux-x86_64-fedora-clang, r-devel-linux-x86_64-fedora-gcc, r-devel-windows-x86_64, r-patched-linux-x86_64, r-release-linux-x86_64, r-release-macos-arm64, r-release-macos-x86_64, r-release-windows-x86_64, r-oldrel-macos-arm64, r-oldrel-macos-x86_64, r-oldrel-windows-ix86+x86_64

Version: 1.1.2
Check: dependencies in R code
Result: NOTE
    Namespaces in Imports field not imported from:
     ‘MASS’ ‘Rdpack’ ‘base’ ‘graphics’ ‘parallel’
     All declared Imports should be used.
Flavors: r-devel-linux-x86_64-fedora-clang, r-devel-linux-x86_64-fedora-gcc, r-release-macos-arm64, r-release-macos-x86_64, r-oldrel-macos-arm64, r-oldrel-macos-x86_64