Last updated on 2024-04-26 12:54:43 CEST.
Flavor | Version | Tinstall | Tcheck | Ttotal | Status | Flags |
---|---|---|---|---|---|---|
r-devel-linux-x86_64-debian-clang | 0.5 | 52.83 | 70.10 | 122.93 | NOTE | |
r-devel-linux-x86_64-debian-gcc | 0.5 | 39.99 | 51.77 | 91.76 | NOTE | |
r-devel-linux-x86_64-fedora-clang | 0.5 | 177.53 | NOTE | |||
r-devel-linux-x86_64-fedora-gcc | 0.5 | 170.51 | NOTE | |||
r-devel-windows-x86_64 | 0.5 | 47.00 | 90.00 | 137.00 | NOTE | |
r-patched-linux-x86_64 | 0.5 | 43.66 | 66.52 | 110.18 | NOTE | |
r-release-linux-x86_64 | 0.5 | 48.44 | 65.40 | 113.84 | OK | |
r-release-macos-arm64 | 0.5 | 46.00 | NOTE | |||
r-release-windows-x86_64 | 0.5 | 47.00 | 91.00 | 138.00 | NOTE | |
r-oldrel-macos-arm64 | 0.5 | 50.00 | OK | |||
r-oldrel-macos-x86_64 | 0.5 | 81.00 | OK | |||
r-oldrel-windows-x86_64 | 0.5 | 58.00 | 106.00 | 164.00 | OK |
Version: 0.5
Check: Rd files
Result: NOTE
checkRd: (-1) Lcm.Rd:75: Lost braces
75 | \item{\code{GetTrace()}:}{retrieve all traced iterations. Returns a list with all the parameters set using the method SetTrace(). See description of snapshot{reference} method for a description of the parameters. }
| ^
Flavors: r-devel-linux-x86_64-debian-clang, r-devel-linux-x86_64-debian-gcc, r-devel-linux-x86_64-fedora-clang, r-devel-linux-x86_64-fedora-gcc, r-devel-windows-x86_64, r-patched-linux-x86_64, r-release-macos-arm64, r-release-windows-x86_64