Last updated on 2022-06-25 10:53:09 CEST.
Flavor | Version | Tinstall | Tcheck | Ttotal | Status | Flags |
---|---|---|---|---|---|---|
r-devel-linux-x86_64-debian-clang | 0.1.2 | 18.67 | 262.62 | 281.29 | NOTE | |
r-devel-linux-x86_64-debian-gcc | 0.1.2 | 13.27 | 189.31 | 202.58 | NOTE | |
r-devel-linux-x86_64-fedora-clang | 0.1.2 | 362.95 | NOTE | |||
r-devel-linux-x86_64-fedora-gcc | 0.1.2 | 337.08 | NOTE | |||
r-devel-windows-x86_64 | 0.1.2 | 32.00 | 265.00 | 297.00 | NOTE | |
r-patched-linux-x86_64 | 0.1.2 | 15.56 | 250.32 | 265.88 | NOTE | |
r-release-linux-x86_64 | 0.1.2 | 19.15 | 248.17 | 267.32 | NOTE | |
r-release-macos-arm64 | 0.1.2 | 115.00 | NOTE | |||
r-release-macos-x86_64 | 0.1.2 | 131.00 | NOTE | |||
r-release-windows-x86_64 | 0.1.2 | 36.00 | 272.00 | 308.00 | NOTE | |
r-oldrel-macos-arm64 | 0.1.2 | 83.00 | NOTE | |||
r-oldrel-macos-x86_64 | 0.1.2 | 196.00 | NOTE | |||
r-oldrel-windows-ix86+x86_64 | 0.1.2 | 39.00 | 292.00 | 331.00 | NOTE |
Version: 0.1.2
Check: LazyData
Result: NOTE
'LazyData' is specified without a 'data' directory
Flavors: r-devel-linux-x86_64-debian-clang, r-devel-linux-x86_64-debian-gcc, r-devel-linux-x86_64-fedora-clang, r-devel-linux-x86_64-fedora-gcc, r-devel-windows-x86_64, r-patched-linux-x86_64, r-release-linux-x86_64, r-release-macos-arm64, r-release-macos-x86_64, r-release-windows-x86_64, r-oldrel-macos-arm64, r-oldrel-macos-x86_64, r-oldrel-windows-ix86+x86_64