Last updated on 2024-04-23 10:54:10 CEST.
Flavor | Version | Tinstall | Tcheck | Ttotal | Status | Flags |
---|---|---|---|---|---|---|
r-devel-linux-x86_64-debian-clang | 1.0.1 | 13.92 | 139.18 | 153.10 | NOTE | |
r-devel-linux-x86_64-debian-gcc | 1.0.1 | 10.92 | 102.86 | 113.78 | NOTE | |
r-devel-linux-x86_64-fedora-clang | 1.0.1 | 184.31 | NOTE | |||
r-devel-linux-x86_64-fedora-gcc | 1.0.1 | 190.14 | NOTE | |||
r-prerel-macos-arm64 | 1.0.1 | 52.00 | NOTE | |||
r-prerel-windows-x86_64 | 1.0.1 | 17.00 | 276.00 | 293.00 | NOTE | |
r-patched-linux-x86_64 | 1.0.1 | 29.92 | 132.82 | 162.74 | NOTE | |
r-release-linux-x86_64 | 1.0.1 | 12.44 | 132.76 | 145.20 | NOTE | |
r-release-macos-arm64 | 1.0.1 | 49.00 | NOTE | |||
r-release-macos-x86_64 | 1.0.1 | 95.00 | NOTE | |||
r-release-windows-x86_64 | 1.0.1 | 19.00 | 318.00 | 337.00 | NOTE | |
r-oldrel-macos-arm64 | 1.0.1 | 49.00 | NOTE | |||
r-oldrel-windows-x86_64 | 1.0.1 | 127.00 | 196.00 | 323.00 | NOTE |
Version: 1.0.1
Check: DESCRIPTION meta-information
Result: NOTE
Malformed Description field: should contain one or more complete sentences.
Flavors: r-devel-linux-x86_64-debian-clang, r-devel-linux-x86_64-debian-gcc, r-devel-linux-x86_64-fedora-clang, r-devel-linux-x86_64-fedora-gcc, r-prerel-macos-arm64, r-prerel-windows-x86_64, r-patched-linux-x86_64, r-release-linux-x86_64, r-release-macos-arm64, r-release-macos-x86_64, r-release-windows-x86_64, r-oldrel-macos-arm64, r-oldrel-windows-x86_64
Version: 1.0.1
Check: data for non-ASCII characters
Result: NOTE
Note: found 170 marked UTF-8 strings
Flavors: r-devel-linux-x86_64-fedora-clang, r-devel-linux-x86_64-fedora-gcc