Last updated on 2024-04-17 10:41:43 CEST.
Flavor | Version | Tinstall | Tcheck | Ttotal | Status | Flags |
---|---|---|---|---|---|---|
r-devel-linux-x86_64-debian-clang | 0.2.1 | 25.17 | 371.60 | 396.77 | OK | |
r-devel-linux-x86_64-debian-gcc | 0.2.1 | 23.35 | 274.94 | 298.29 | OK | |
r-devel-linux-x86_64-fedora-clang | 0.2.1 | 488.50 | NOTE | |||
r-devel-linux-x86_64-fedora-gcc | 0.2.1 | 514.11 | NOTE | |||
r-prerel-macos-arm64 | 0.2.1 | 144.00 | NOTE | |||
r-prerel-windows-x86_64 | 0.2.1 | 23.00 | 260.00 | 283.00 | NOTE | |
r-patched-linux-x86_64 | 0.2.1 | 31.29 | 361.25 | 392.54 | OK | |
r-release-linux-x86_64 | 0.2.1 | 18.81 | 352.15 | 370.96 | OK | |
r-release-macos-arm64 | 0.2.1 | 143.00 | NOTE | |||
r-release-macos-x86_64 | 0.2.1 | 258.00 | NOTE | |||
r-release-windows-x86_64 | 0.2.1 | 31.00 | 338.00 | 369.00 | NOTE | |
r-oldrel-macos-arm64 | 0.2.1 | 130.00 | NOTE | |||
r-oldrel-windows-x86_64 | 0.2.1 | 34.00 | 342.00 | 376.00 | NOTE |
Version: 0.2.1
Check: installed package size
Result: NOTE
installed size is 5.2Mb
sub-directories of 1Mb or more:
doc 4.0Mb
Flavors: r-devel-linux-x86_64-fedora-clang, r-prerel-macos-arm64, r-prerel-windows-x86_64, r-release-macos-arm64, r-release-macos-x86_64, r-release-windows-x86_64, r-oldrel-macos-arm64, r-oldrel-windows-x86_64
Version: 0.2.1
Check: data for non-ASCII characters
Result: NOTE
Note: found 24 marked UTF-8 strings
Flavors: r-devel-linux-x86_64-fedora-clang, r-devel-linux-x86_64-fedora-gcc, r-oldrel-macos-arm64