Last updated on 2024-04-23 10:54:10 CEST.
Flavor | Version | Tinstall | Tcheck | Ttotal | Status | Flags |
---|---|---|---|---|---|---|
r-devel-linux-x86_64-debian-clang | 1.2.5 | 3.49 | 60.01 | 63.50 | OK | |
r-devel-linux-x86_64-debian-gcc | 1.2.5 | 3.45 | 45.93 | 49.38 | OK | |
r-devel-linux-x86_64-fedora-clang | 1.2.5 | 84.82 | NOTE | |||
r-devel-linux-x86_64-fedora-gcc | 1.2.5 | 95.31 | NOTE | |||
r-prerel-macos-arm64 | 1.2.5 | 85.00 | OK | |||
r-prerel-windows-x86_64 | 1.2.5 | 7.00 | 74.00 | 81.00 | OK | |
r-patched-linux-x86_64 | 1.2.5 | 4.00 | 58.91 | 62.91 | OK | |
r-release-linux-x86_64 | 1.2.5 | 4.83 | 56.49 | 61.32 | OK | |
r-release-macos-arm64 | 1.2.5 | 58.00 | OK | |||
r-release-macos-x86_64 | 1.2.5 | 81.00 | OK | |||
r-release-windows-x86_64 | 1.2.5 | 8.00 | 77.00 | 85.00 | OK | |
r-oldrel-macos-arm64 | 1.2.5 | 55.00 | NOTE | |||
r-oldrel-windows-x86_64 | 1.2.5 | 8.00 | 82.00 | 90.00 | OK |
Version: 1.2.5
Check: dependencies in R code
Result: NOTE
Namespace in Imports field not imported from: ‘tibble’
All declared Imports should be used.
Flavors: r-devel-linux-x86_64-fedora-clang, r-devel-linux-x86_64-fedora-gcc, r-oldrel-macos-arm64