CRAN Package Check Results for Package NHPoisson

Last updated on 2025-02-21 10:51:49 CET.

Flavor Version Tinstall Tcheck Ttotal Status Flags
r-devel-linux-x86_64-debian-clang 3.3 5.11 40.98 46.09 NOTE
r-devel-linux-x86_64-debian-gcc 3.3 3.16 29.51 32.67 NOTE
r-devel-linux-x86_64-fedora-clang 3.3 72.04 NOTE
r-devel-linux-x86_64-fedora-gcc 3.3 70.43 NOTE
r-devel-macos-arm64 3.3 29.00 NOTE
r-devel-macos-x86_64 3.3 42.00 NOTE
r-devel-windows-x86_64 3.3 7.00 70.00 77.00 NOTE
r-patched-linux-x86_64 3.3 5.03 38.93 43.96 NOTE
r-release-linux-x86_64 3.3 4.39 38.55 42.94 NOTE
r-release-macos-arm64 3.3 26.00 NOTE
r-release-macos-x86_64 3.3 36.00 NOTE
r-release-windows-x86_64 3.3 7.00 71.00 78.00 NOTE
r-oldrel-macos-arm64 3.3 30.00 NOTE
r-oldrel-macos-x86_64 3.3 38.00 NOTE
r-oldrel-windows-x86_64 3.3 8.00 78.00 86.00 NOTE

Check Details

Version: 3.3
Check: Rd files
Result: NOTE checkRd: (-1) graphresU.fun.Rd:72: Escaped LaTeX specials: \& Flavors: r-devel-linux-x86_64-debian-clang, r-devel-linux-x86_64-debian-gcc, r-devel-linux-x86_64-fedora-clang, r-devel-linux-x86_64-fedora-gcc, r-devel-macos-arm64, r-devel-macos-x86_64, r-devel-windows-x86_64, r-patched-linux-x86_64, r-release-linux-x86_64, r-release-macos-arm64, r-release-macos-x86_64, r-release-windows-x86_64, r-oldrel-macos-arm64, r-oldrel-macos-x86_64, r-oldrel-windows-x86_64