Last updated on 2022-06-24 11:52:13 CEST.
Flavor | Version | Tinstall | Tcheck | Ttotal | Status | Flags |
---|---|---|---|---|---|---|
r-devel-linux-x86_64-debian-clang | 3.11 | 235.72 | 101.19 | 336.91 | WARN | |
r-devel-linux-x86_64-debian-gcc | 3.11 | 182.08 | 76.98 | 259.06 | OK | |
r-devel-linux-x86_64-fedora-clang | 3.11 | 555.81 | WARN | |||
r-devel-linux-x86_64-fedora-gcc | 3.11 | 438.43 | OK | |||
r-devel-windows-x86_64 | 3.11 | 180.00 | 138.00 | 318.00 | OK | |
r-patched-linux-x86_64 | 3.11 | 199.09 | 98.19 | 297.28 | OK | |
r-release-linux-x86_64 | 3.11 | 202.00 | 96.19 | 298.19 | OK | |
r-release-macos-arm64 | 3.11 | 128.00 | OK | |||
r-release-macos-x86_64 | 3.11 | 141.00 | OK | |||
r-release-windows-x86_64 | 3.11 | 178.00 | 140.00 | 318.00 | OK | |
r-oldrel-macos-arm64 | 3.11 | 110.00 | OK | |||
r-oldrel-macos-x86_64 | 3.11 | 181.00 | OK | |||
r-oldrel-windows-ix86+x86_64 | 3.11 | 574.00 | 164.00 | 738.00 | OK |
Version: 3.11
Check: whether package can be installed
Result: WARN
Found the following significant warnings:
rcpp_rmultinom.cpp:40:15: warning: use of bitwise '&' with boolean operands [-Wbitwise-instead-of-logical]
Flavors: r-devel-linux-x86_64-debian-clang, r-devel-linux-x86_64-fedora-clang