CRAN Package Check Results for Package NFCP

Last updated on 2022-06-30 11:53:13 CEST.

Flavor Version Tinstall Tcheck Ttotal Status Flags
r-devel-linux-x86_64-debian-clang 1.2.1 3.04 108.20 111.24 OK
r-devel-linux-x86_64-debian-gcc 1.2.1 3.83 81.34 85.17 OK
r-devel-linux-x86_64-fedora-clang 1.2.1 130.30 NOTE
r-devel-linux-x86_64-fedora-gcc 1.2.1 142.98 NOTE
r-devel-windows-x86_64 1.2.1 17.00 136.00 153.00 OK
r-patched-linux-x86_64 1.2.1 5.25 103.85 109.10 OK
r-release-linux-x86_64 1.2.1 4.19 106.48 110.67 OK
r-release-macos-arm64 1.2.1 43.00 NOTE
r-release-macos-x86_64 1.2.1 54.00 NOTE
r-release-windows-x86_64 1.2.1 17.00 140.00 157.00 OK
r-oldrel-macos-arm64 1.2.1 41.00 NOTE
r-oldrel-macos-x86_64 1.2.1 63.00 NOTE
r-oldrel-windows-ix86+x86_64 1.2.1 9.00 136.00 145.00 OK

Check Details

Version: 1.2.1
Check: dependencies in R code
Result: NOTE
    Namespaces in Imports field not imported from:
     ‘Rdpack’ ‘curl’ ‘mathjaxr’
     All declared Imports should be used.
Flavors: r-devel-linux-x86_64-fedora-clang, r-devel-linux-x86_64-fedora-gcc, r-release-macos-arm64, r-release-macos-x86_64, r-oldrel-macos-arm64, r-oldrel-macos-x86_64