Last updated on 2024-03-28 09:51:49 CET.
Flavor | Version | Tinstall | Tcheck | Ttotal | Status | Flags |
---|---|---|---|---|---|---|
r-devel-linux-x86_64-debian-clang | 0.6.4 | 10.75 | 246.86 | 257.61 | OK | |
r-devel-linux-x86_64-debian-gcc | 0.6.4 | 8.67 | 189.06 | 197.73 | OK | |
r-devel-linux-x86_64-fedora-clang | 0.6.4 | 357.17 | OK | |||
r-devel-linux-x86_64-fedora-gcc | 0.6.4 | 316.90 | OK | |||
r-devel-windows-x86_64 | 0.6.4 | 12.00 | 166.00 | 178.00 | ERROR | |
r-patched-linux-x86_64 | 0.6.4 | 8.28 | 249.03 | 257.31 | OK | |
r-release-linux-x86_64 | 0.6.4 | 7.46 | 238.83 | 246.29 | OK | |
r-release-macos-arm64 | 0.6.4 | 10.00 | ERROR | |||
r-release-macos-x86_64 | 0.6.4 | 8.00 | ERROR | |||
r-release-windows-x86_64 | 0.6.4 | 14.00 | 421.00 | 435.00 | OK | |
r-oldrel-macos-arm64 | 0.6.4 | 288.00 | OK | |||
r-oldrel-windows-x86_64 | 0.6.4 | 15.00 | 417.00 | 432.00 | OK |
Version: 0.6.4
Check: tests
Result: ERROR
Running 'testthat.R' [78s]
Running the tests in 'tests/testthat.R' failed.
Complete output:
> library(testthat)
> library(NEONiso)
>
> test_check("NEONiso")
Extracting data
|
| | 0%
|
|======================================================================| 100%
Joining data variables by file
|
| | 0%
|
|======================================================================| 100%
Stacking files by month
|
| | 0%
|
|======================================================================| 100%
Getting metadata tables
|
| | 0%
|
|=================================== | 50%
|
|==================================================== | 75%
|
|======================================================================| 100%
[1] "Height missing, attempting to resolve:"
Extracting data
|
| | 0%
|
|======================================================================| 100%
Joining data variables by file
|
| | 0%
|
|======================================================================| 100%
Stacking files by month
|
| | 0%
|
|======================================================================| 100%
Getting metadata tables
|
| | 0%
|
|=================================== | 50%
|
|==================================================== | 75%
|
|======================================================================| 100%
Extracting data
|
| | 0%
|
|======================================================================| 100%
Joining data variables by file
|
| | 0%
|
|======================================================================| 100%
Stacking files by month
|
| | 0%
|
|======================================================================| 100%
Getting metadata tables
|
| | 0%
|
|=================================== | 50%
|
|==================================================== | 75%
|
|======================================================================| 100%
[1] "Height missing, attempting to resolve:"
Extracting data
|
| | 0%
|
|======================================================================| 100%
Joining data variables by file
|
| | 0%
|
|======================================================================| 100%
Stacking files by month
|
| | 0%
|
|======================================================================| 100%
Getting metadata tables
|
| | 0%
|
|=================================== | 50%
|
|==================================================== | 75%
|
|======================================================================| 100%
Extracting data
|
| | 0%
|
|======================================================================| 100%
Joining data variables by file
|
| | 0%
|
|======================================================================| 100%
Stacking files by month
|
| | 0%
|
|======================================================================| 100%
Getting metadata tables
|
| | 0%
|
|=================================== | 50%
|
|==================================================== | 75%
|
|======================================================================| 100%
[1] "Height missing, attempting to resolve:"
Extracting data
|
| | 0%
|
|======================= | 33%
|
|=============================================== | 67%
|
|======================================================================| 100%
Joining data variables by file
|
| | 0%
|
|======================= | 33%
|
|=============================================== | 67%
|
|======================================================================| 100%
Stacking files by month
|
| | 0%
|
|======================================================================| 100%
Getting metadata tables
|
| | 0%
|
|=================================== | 50%
|
|==================================================== | 75%
|
|======================================================================| 100%
[1] "Height missing, attempting to resolve:"
Extracting data
|
| | 0%
|
|======================================================================| 100%
Joining data variables by file
|
| | 0%
|
|======================================================================| 100%
Stacking files by month
|
| | 0%
|
|======================================================================| 100%
Getting metadata tables
|
| | 0%
|
|=================================== | 50%
|
|==================================================== | 75%
|
|======================================================================| 100%
[1] "Height missing, attempting to resolve:"
Loading required package: ggplot2
Loading required package: lattice
Flavor: r-devel-windows-x86_64
Version: 0.6.4
Check: package dependencies
Result: ERROR
Package required but not available: ‘rhdf5’
See section ‘The DESCRIPTION file’ in the ‘Writing R Extensions’
manual.
Flavors: r-release-macos-arm64, r-release-macos-x86_64