Last updated on 2022-07-04 12:54:15 CEST.
Flavor | Version | Tinstall | Tcheck | Ttotal | Status | Flags |
---|---|---|---|---|---|---|
r-devel-linux-x86_64-debian-clang | 0.1.0 | 7.74 | 70.96 | 78.70 | NOTE | |
r-devel-linux-x86_64-debian-gcc | 0.1.0 | 6.36 | 53.20 | 59.56 | NOTE | |
r-devel-linux-x86_64-fedora-clang | 0.1.0 | 102.35 | NOTE | |||
r-devel-linux-x86_64-fedora-gcc | 0.1.0 | 102.67 | NOTE | |||
r-devel-windows-x86_64 | 0.1.0 | 15.00 | 91.00 | 106.00 | NOTE | |
r-patched-linux-x86_64 | 0.1.0 | 6.83 | 67.44 | 74.27 | NOTE | |
r-release-linux-x86_64 | 0.1.0 | 6.69 | 66.71 | 73.40 | NOTE | |
r-release-macos-arm64 | 0.1.0 | 31.00 | NOTE | |||
r-release-macos-x86_64 | 0.1.0 | 51.00 | NOTE | |||
r-release-windows-x86_64 | 0.1.0 | 14.00 | 93.00 | 107.00 | NOTE | |
r-oldrel-macos-arm64 | 0.1.0 | 46.00 | NOTE | |||
r-oldrel-macos-x86_64 | 0.1.0 | 80.00 | NOTE | |||
r-oldrel-windows-ix86+x86_64 | 0.1.0 | 20.00 | 89.00 | 109.00 | NOTE |
Version: 0.1.0
Check: LazyData
Result: NOTE
'LazyData' is specified without a 'data' directory
Flavors: r-devel-linux-x86_64-debian-clang, r-devel-linux-x86_64-debian-gcc, r-devel-linux-x86_64-fedora-clang, r-devel-linux-x86_64-fedora-gcc, r-devel-windows-x86_64, r-patched-linux-x86_64, r-release-linux-x86_64, r-release-macos-arm64, r-release-macos-x86_64, r-release-windows-x86_64, r-oldrel-macos-arm64, r-oldrel-macos-x86_64, r-oldrel-windows-ix86+x86_64