Last updated on 2024-04-24 11:20:57 CEST.
Flavor | Version | Tinstall | Tcheck | Ttotal | Status | Flags |
---|---|---|---|---|---|---|
r-devel-linux-x86_64-debian-clang | 0.1.0 | 20.93 | 181.77 | 202.70 | OK | |
r-devel-linux-x86_64-debian-gcc | 0.1.0 | 16.01 | 132.41 | 148.42 | OK | |
r-devel-linux-x86_64-fedora-clang | 0.1.0 | 249.86 | NOTE | |||
r-devel-linux-x86_64-fedora-gcc | 0.1.0 | 250.02 | OK | |||
r-devel-windows-x86_64 | 0.1.0 | 20.00 | 130.00 | 150.00 | OK | |
r-patched-linux-x86_64 | 0.1.0 | 15.17 | 172.51 | 187.68 | OK | |
r-release-linux-x86_64 | 0.1.0 | 24.10 | 171.68 | 195.78 | OK | |
r-release-macos-arm64 | 0.1.0 | 71.00 | OK | |||
r-release-windows-x86_64 | 0.1.0 | 22.00 | 124.00 | 146.00 | OK | |
r-oldrel-macos-arm64 | 0.1.0 | 45.00 | OK | |||
r-oldrel-macos-x86_64 | 0.1.0 | 120.00 | OK | |||
r-oldrel-windows-x86_64 | 0.1.0 | 23.00 | 165.00 | 188.00 | OK |
Version: 0.1.0
Check: package dependencies
Result: NOTE
Imports includes 21 non-default packages.
Importing from so many packages makes the package vulnerable to any of
them becoming unavailable. Move as many as possible to Suggests and
use conditionally.
Flavor: r-devel-linux-x86_64-fedora-clang