CRAN Package Check Results for Package MultiVarSel

Last updated on 2022-06-29 11:52:15 CEST.

Flavor Version Tinstall Tcheck Ttotal Status Flags
r-devel-linux-x86_64-debian-clang 1.1.3 7.84 75.29 83.13 OK
r-devel-linux-x86_64-debian-gcc 1.1.3 7.42 58.67 66.09 OK
r-devel-linux-x86_64-fedora-clang 1.1.3 110.53 NOTE
r-devel-linux-x86_64-fedora-gcc 1.1.3 110.86 NOTE
r-devel-windows-x86_64 1.1.3 20.00 100.00 120.00 OK
r-patched-linux-x86_64 1.1.3 7.40 73.31 80.71 OK
r-release-linux-x86_64 1.1.3 8.74 73.64 82.38 OK
r-release-macos-arm64 1.1.3 31.00 NOTE
r-release-macos-x86_64 1.1.3 47.00 NOTE
r-release-windows-x86_64 1.1.3 21.00 100.00 121.00 OK
r-oldrel-macos-arm64 1.1.3 40.00 NOTE
r-oldrel-macos-x86_64 1.1.3 59.00 NOTE
r-oldrel-windows-ix86+x86_64 1.1.3 18.00 97.00 115.00 OK

Check Details

Version: 1.1.3
Check: data for non-ASCII characters
Result: NOTE
     Note: found 6 marked UTF-8 strings
Flavors: r-devel-linux-x86_64-fedora-clang, r-devel-linux-x86_64-fedora-gcc, r-release-macos-arm64, r-release-macos-x86_64, r-oldrel-macos-arm64, r-oldrel-macos-x86_64