Last updated on 2025-04-29 12:52:42 CEST.
Flavor | Version | Tinstall | Tcheck | Ttotal | Status | Flags |
---|---|---|---|---|---|---|
r-devel-linux-x86_64-debian-clang | 1.1.1 | 2.02 | 27.21 | 29.23 | NOTE | |
r-devel-linux-x86_64-debian-gcc | 1.1.1 | 1.55 | 20.94 | 22.49 | NOTE | |
r-devel-linux-x86_64-fedora-clang | 1.1.1 | 45.89 | OK | |||
r-devel-linux-x86_64-fedora-gcc | 1.1.1 | 44.01 | OK | |||
r-devel-windows-x86_64 | 1.1.1 | 4.00 | 53.00 | 57.00 | OK | |
r-patched-linux-x86_64 | 1.1.1 | 1.80 | 25.99 | 27.79 | OK | |
r-release-linux-x86_64 | 1.1.1 | 1.87 | 26.01 | 27.88 | OK | |
r-release-macos-arm64 | 1.1.1 | 19.00 | OK | |||
r-release-macos-x86_64 | 1.1.1 | 46.00 | OK | |||
r-release-windows-x86_64 | 1.1.1 | 4.00 | 55.00 | 59.00 | OK | |
r-oldrel-macos-arm64 | 1.1.1 | 17.00 | OK | |||
r-oldrel-macos-x86_64 | 1.1.1 | 27.00 | OK | |||
r-oldrel-windows-x86_64 | 1.1.1 | 3.00 | 52.00 | 55.00 | OK |
Version: 1.1.1
Check: CRAN incoming feasibility
Result: NOTE
Maintainer: ‘Cinzia Franceschini <cinziafranceschini@msn.com>’
No Authors@R field in DESCRIPTION.
Please add one, modifying
Authors@R: c(person(given = "Cinzia",
family = "Franceschini",
role = c("aut", "cre"),
email = "cinziafranceschini@msn.com"),
person(given = "Nicola",
family = "Loperfido",
role = "aut"))
as necessary.
Flavors: r-devel-linux-x86_64-debian-clang, r-devel-linux-x86_64-debian-gcc
Version: 1.1.1
Check: examples
Result: NOTE
Examples with CPU (user + system) or elapsed time > 5s
user system elapsed
MultiSkew-package 6.745 0 8.214
Flavor: r-devel-linux-x86_64-debian-clang
Version: 1.1.1
Check: examples
Result: NOTE
Examples with CPU (user + system) or elapsed time > 5s
user system elapsed
MultiSkew-package 3.957 0.002 5.188
Flavor: r-devel-linux-x86_64-debian-gcc