Last updated on 2024-06-30 10:56:15 CEST.
Flavor | Version | Tinstall | Tcheck | Ttotal | Status | Flags |
---|---|---|---|---|---|---|
r-devel-linux-x86_64-debian-clang | 0.1.3 | 12.92 | 192.58 | 205.50 | NOTE | |
r-devel-linux-x86_64-debian-gcc | 0.1.3 | 10.52 | 144.26 | 154.78 | NOTE | |
r-devel-linux-x86_64-fedora-clang | 0.1.3 | 257.82 | NOTE | |||
r-devel-linux-x86_64-fedora-gcc | 0.1.3 | 255.34 | NOTE | |||
r-devel-windows-x86_64 | 0.1.3 | 15.00 | 151.00 | 166.00 | NOTE | |
r-patched-linux-x86_64 | 0.1.3 | 13.45 | 180.74 | 194.19 | NOTE | |
r-release-linux-x86_64 | 0.1.3 | 15.79 | 185.44 | 201.23 | NOTE | |
r-release-macos-arm64 | 0.1.3 | 73.00 | NOTE | |||
r-release-macos-x86_64 | 0.1.3 | 104.00 | NOTE | |||
r-release-windows-x86_64 | 0.1.3 | 14.00 | 162.00 | 176.00 | NOTE | |
r-oldrel-macos-arm64 | 0.1.3 | 49.00 | NOTE | |||
r-oldrel-macos-x86_64 | 0.1.3 | 81.00 | NOTE | |||
r-oldrel-windows-x86_64 | 0.1.3 | 19.00 | 198.00 | 217.00 | NOTE |
Version: 0.1.3
Check: package dependencies
Result: NOTE
Package suggested but not available for checking: ‘rrelaxiv’
Flavors: r-devel-linux-x86_64-debian-clang, r-devel-linux-x86_64-debian-gcc, r-devel-linux-x86_64-fedora-clang, r-devel-linux-x86_64-fedora-gcc, r-devel-windows-x86_64, r-patched-linux-x86_64, r-release-linux-x86_64, r-release-macos-arm64, r-release-macos-x86_64, r-release-windows-x86_64, r-oldrel-macos-arm64, r-oldrel-macos-x86_64, r-oldrel-windows-x86_64
Version: 0.1.3
Check: dependencies in R code
Result: NOTE
Namespaces in Imports field not imported from:
‘RCurl’ ‘fields’ ‘optmatch’ ‘rcbalance’ ‘utils’
All declared Imports should be used.
Flavors: r-devel-linux-x86_64-fedora-clang, r-devel-linux-x86_64-fedora-gcc