Last updated on 2025-04-29 12:52:42 CEST.
Flavor | Version | Tinstall | Tcheck | Ttotal | Status | Flags |
---|---|---|---|---|---|---|
r-devel-linux-x86_64-debian-clang | 0.1.1 | 1.69 | 18.95 | 20.64 | NOTE | |
r-devel-linux-x86_64-debian-gcc | 0.1.1 | 1.49 | 15.63 | 17.12 | NOTE | |
r-devel-linux-x86_64-fedora-clang | 0.1.1 | 31.30 | OK | |||
r-devel-linux-x86_64-fedora-gcc | 0.1.1 | 31.20 | OK | |||
r-devel-windows-x86_64 | 0.1.1 | 3.00 | 39.00 | 42.00 | OK | |
r-patched-linux-x86_64 | 0.1.1 | 1.93 | 17.96 | 19.89 | OK | |
r-release-linux-x86_64 | 0.1.1 | 1.77 | 17.85 | 19.62 | OK | |
r-release-macos-arm64 | 0.1.1 | 18.00 | OK | |||
r-release-macos-x86_64 | 0.1.1 | 37.00 | OK | |||
r-release-windows-x86_64 | 0.1.1 | 5.00 | 41.00 | 46.00 | OK | |
r-oldrel-macos-arm64 | 0.1.1 | 14.00 | OK | |||
r-oldrel-macos-x86_64 | 0.1.1 | 29.00 | OK | |||
r-oldrel-windows-x86_64 | 0.1.1 | 3.00 | 40.00 | 43.00 | OK |
Version: 0.1.1
Check: CRAN incoming feasibility
Result: NOTE
Maintainer: ‘"Markus Loecher" <markus.loecher@gmail.com>’
No Authors@R field in DESCRIPTION.
Please add one, modifying
Authors@R: c(person(given = "\"Markus",
family = "Loecher",
role = c("aut", "cre"),
email = "markus.loecher@gmail.com"),
person(given = c("Berlin", "School", "of"),
family = "Economics",
role = "aut"),
person(family = "Law\"",
role = "aut",
email = "markus.loecher@gmail.com",
comment = "BSEL"))
as necessary.
Flavors: r-devel-linux-x86_64-debian-clang, r-devel-linux-x86_64-debian-gcc