CRAN Package Check Results for Package MultOrdRS

Last updated on 2022-07-05 11:49:58 CEST.

Flavor Version Tinstall Tcheck Ttotal Status Flags
r-devel-linux-x86_64-debian-clang 0.1-2 51.82 51.80 103.62 OK
r-devel-linux-x86_64-debian-gcc 0.1-2 38.30 35.22 73.52 OK
r-devel-linux-x86_64-fedora-clang 0.1-2 152.05 OK
r-devel-linux-x86_64-fedora-gcc 0.1-2 130.91 OK
r-devel-windows-x86_64 0.1-2 46.00 87.00 133.00 OK
r-patched-linux-x86_64 0.1-2 41.25 46.21 87.46 OK
r-release-linux-x86_64 0.1-2 42.48 46.88 89.36 OK
r-release-macos-arm64 0.1-2 35.00 OK
r-release-macos-x86_64 0.1-2 46.00 OK
r-release-windows-x86_64 0.1-2 45.00 87.00 132.00 OK
r-oldrel-macos-arm64 0.1-2 41.00 NOTE
r-oldrel-macos-x86_64 0.1-2 64.00 OK
r-oldrel-windows-ix86+x86_64 0.1-2 113.00 99.00 212.00 OK

Check Details

Version: 0.1-2
Check: installed package size
Result: NOTE
     installed size is 5.6Mb
     sub-directories of 1Mb or more:
     libs 5.5Mb
Flavor: r-oldrel-macos-arm64