Last updated on 2024-04-23 10:54:10 CEST.
Flavor | Version | Tinstall | Tcheck | Ttotal | Status | Flags |
---|---|---|---|---|---|---|
r-devel-linux-x86_64-debian-clang | 0.6.2 | 5.09 | 89.66 | 94.75 | OK | |
r-devel-linux-x86_64-debian-gcc | 0.6.2 | 5.03 | 65.50 | 70.53 | OK | |
r-devel-linux-x86_64-fedora-clang | 0.6.2 | 117.64 | NOTE | |||
r-devel-linux-x86_64-fedora-gcc | 0.6.2 | 125.72 | NOTE | |||
r-prerel-macos-arm64 | 0.6.2 | 40.00 | OK | |||
r-prerel-windows-x86_64 | 0.6.2 | 7.00 | 95.00 | 102.00 | OK | |
r-patched-linux-x86_64 | 0.6.2 | 7.10 | 85.61 | 92.71 | OK | |
r-release-linux-x86_64 | 0.6.2 | 7.30 | 82.03 | 89.33 | OK | |
r-release-macos-arm64 | 0.6.2 | 41.00 | OK | |||
r-release-macos-x86_64 | 0.6.2 | 58.00 | OK | |||
r-release-windows-x86_64 | 0.6.2 | 8.00 | 109.00 | 117.00 | OK | |
r-oldrel-macos-arm64 | 0.6.2 | 36.00 | NOTE | |||
r-oldrel-windows-x86_64 | 0.6.2 | 9.00 | 109.00 | 118.00 | OK |
Version: 0.6.2
Check: dependencies in R code
Result: NOTE
Namespaces in Imports field not imported from:
‘poweRlaw’ ‘rmutil’
All declared Imports should be used.
Flavors: r-devel-linux-x86_64-fedora-clang, r-devel-linux-x86_64-fedora-gcc, r-oldrel-macos-arm64