Last updated on 2022-06-27 11:50:48 CEST.
Flavor | Version | Tinstall | Tcheck | Ttotal | Status | Flags |
---|---|---|---|---|---|---|
r-devel-linux-x86_64-debian-clang | 0.6.3 | 21.28 | 36.42 | 57.70 | OK | |
r-devel-linux-x86_64-debian-gcc | 0.6.3 | 14.31 | 28.53 | 42.84 | OK | |
r-devel-linux-x86_64-fedora-clang | 0.6.3 | 86.45 | NOTE | |||
r-devel-linux-x86_64-fedora-gcc | 0.6.3 | 79.49 | NOTE | |||
r-devel-windows-x86_64 | 0.6.3 | 31.00 | 79.00 | 110.00 | OK | |
r-patched-linux-x86_64 | 0.6.3 | 21.06 | 36.05 | 57.11 | OK | |
r-release-linux-x86_64 | 0.6.3 | 15.42 | 35.58 | 51.00 | OK | |
r-release-macos-arm64 | 0.6.3 | 25.00 | NOTE | |||
r-release-macos-x86_64 | 0.6.3 | 44.00 | NOTE | |||
r-release-windows-x86_64 | 0.6.3 | 39.00 | 81.00 | 120.00 | OK | |
r-oldrel-macos-arm64 | 0.6.3 | 26.00 | NOTE | |||
r-oldrel-macos-x86_64 | 0.6.3 | 38.00 | NOTE | |||
r-oldrel-windows-ix86+x86_64 | 0.6.3 | 51.00 | 89.00 | 140.00 | OK |
Version: 0.6.3
Check: dependencies in R code
Result: NOTE
Namespaces in Imports field not imported from:
‘Matrix’ ‘capushe’ ‘shiny’
All declared Imports should be used.
Flavors: r-devel-linux-x86_64-fedora-clang, r-devel-linux-x86_64-fedora-gcc, r-release-macos-arm64, r-release-macos-x86_64, r-oldrel-macos-arm64, r-oldrel-macos-x86_64