Last updated on 2024-03-28 09:51:49 CET.
Flavor | Version | Tinstall | Tcheck | Ttotal | Status | Flags |
---|---|---|---|---|---|---|
r-devel-linux-x86_64-debian-clang | 0.6.3 | 25.03 | 35.28 | 60.31 | OK | |
r-devel-linux-x86_64-debian-gcc | 0.6.3 | 16.79 | 27.58 | 44.37 | OK | |
r-devel-linux-x86_64-fedora-clang | 0.6.3 | 80.88 | NOTE | |||
r-devel-linux-x86_64-fedora-gcc | 0.6.3 | 76.03 | NOTE | |||
r-devel-windows-x86_64 | 0.6.3 | 20.00 | 65.00 | 85.00 | OK | |
r-patched-linux-x86_64 | 0.6.3 | 24.87 | 34.72 | 59.59 | OK | |
r-release-linux-x86_64 | 0.6.3 | 22.43 | 35.06 | 57.49 | OK | |
r-release-macos-arm64 | 0.6.3 | 31.00 | OK | |||
r-release-macos-x86_64 | 0.6.3 | 37.00 | OK | |||
r-release-windows-x86_64 | 0.6.3 | 25.00 | 78.00 | 103.00 | OK | |
r-oldrel-macos-arm64 | 0.6.3 | 25.00 | NOTE | |||
r-oldrel-windows-x86_64 | 0.6.3 | 22.00 | 77.00 | 99.00 | OK |
Version: 0.6.3
Check: dependencies in R code
Result: NOTE
Namespaces in Imports field not imported from:
‘Matrix’ ‘capushe’ ‘shiny’
All declared Imports should be used.
Flavors: r-devel-linux-x86_64-fedora-clang, r-devel-linux-x86_64-fedora-gcc, r-oldrel-macos-arm64