Last updated on 2025-10-21 11:53:31 CEST.
Flavor | Version | Tinstall | Tcheck | Ttotal | Status | Flags |
---|---|---|---|---|---|---|
r-devel-linux-x86_64-debian-clang | 1.2 | 45.96 | 155.55 | 201.51 | NOTE | |
r-devel-linux-x86_64-debian-gcc | 1.2 | 26.80 | 104.01 | 130.81 | NOTE | |
r-devel-linux-x86_64-fedora-clang | 1.2 | 329.48 | OK | |||
r-devel-linux-x86_64-fedora-gcc | 1.2 | 91.00 | 215.05 | 306.05 | OK | |
r-devel-windows-x86_64 | 1.2 | 43.00 | 177.00 | 220.00 | OK | |
r-patched-linux-x86_64 | 1.2 | 44.67 | 145.09 | 189.76 | OK | |
r-release-linux-x86_64 | 1.2 | 42.19 | 143.87 | 186.06 | OK | |
r-release-macos-arm64 | 1.2 | 96.00 | OK | |||
r-release-macos-x86_64 | 1.2 | 38.00 | 165.00 | 203.00 | OK | |
r-release-windows-x86_64 | 1.2 | 45.00 | 180.00 | 225.00 | OK | |
r-oldrel-macos-arm64 | 1.2 | 94.00 | OK | |||
r-oldrel-macos-x86_64 | 1.2 | 210.00 | OK | |||
r-oldrel-windows-x86_64 | 1.2 | 58.00 | 225.00 | 283.00 | OK |
Version: 1.2
Check: HTML version of manual
Result: NOTE
Found the following HTML validation problems:
connectNodes.html:58:1 (connectNodes.Rd:16): Warning: missing </ul> before </div>
extractDataSummary.html:50:1 (extractDataSummary.Rd:12): Warning: missing </ul> before </div>
extractResiduals_1section.html:52:1 (extractResiduals_1section.Rd:13): Warning: missing </ul> before </div>
extractSampstat.html:52:1 (extractSampstat.Rd:13): Warning: missing </ul> before </div>
filter_inp_filelist.html:58:1 (filter_inp_filelist.Rd:18): Warning: missing </ul> before </div>
mplusModel_r6.html:392:1 (mplusModel_r6.Rd:258): Warning: missing </ul> before </div>
mplusModel_r6.html:206:1 (mplusModel_r6.Rd:144): Warning: <h5> anchor "Usage" already defined
mplusModel_r6.html:212:1 (mplusModel_r6.Rd:148): Warning: <h5> anchor "Arguments" already defined
mplusModel_r6.html:235:1 (mplusModel_r6.Rd:161): Warning: <h5> anchor "Usage" already defined
mplusModel_r6.html:241:1 (mplusModel_r6.Rd:165): Warning: <h5> anchor "Arguments" already defined
mplusModel_r6.html:268:1 (mplusModel_r6.Rd:182): Warning: <h5> anchor "Usage" already defined
mplusModel_r6.html:274:1 (mplusModel_r6.Rd:186): Warning: <h5> anchor "Arguments" already defined
mplusModel_r6.html:301:1 (mplusModel_r6.Rd:203): Warning: <h5> anchor "Usage" already defined
mplusModel_r6.html:307:1 (mplusModel_r6.Rd:207): Warning: <h5> anchor "Arguments" already defined
mplusModel_r6.html:336:1 (mplusModel_r6.Rd:226): Warning: <h5> anchor "Usage" already defined
mplusModel_r6.html:342:1 (mplusModel_r6.Rd:230): Warning: <h5> anchor "Arguments" already defined
mplusModel_r6.html:369:1 (mplusModel_r6.Rd:247): Warning: <h5> anchor "Usage" already defined
mplusModel_r6.html:375:1 (mplusModel_r6.Rd:251): Warning: <h5> anchor "Arguments" already defined
summary.mplus_submission_df.html:55:1 (summary.mplus_submission_df.Rd:14): Warning: missing </ul> before </div>
Flavors: r-devel-linux-x86_64-debian-clang, r-devel-linux-x86_64-debian-gcc