CRAN Package Check Results for Package MplusAutomation

Last updated on 2024-02-27 11:49:56 CET.

Flavor Version Tinstall Tcheck Ttotal Status Flags
r-devel-linux-x86_64-debian-clang 1.1.1 42.70 157.35 200.05 OK
r-devel-linux-x86_64-debian-gcc 1.1.1 36.29 115.05 151.34 OK
r-devel-linux-x86_64-fedora-clang 1.1.1 254.75 OK
r-devel-linux-x86_64-fedora-gcc 1.1.1 270.06 OK
r-devel-windows-x86_64 1.1.1 39.00 151.00 190.00 OK
r-patched-linux-x86_64 1.1.1 50.94 151.09 202.03 OK
r-release-linux-x86_64 1.1.1 49.80 152.15 201.95 OK
r-release-macos-arm64 1.1.1 78.00 NOTE
r-release-macos-x86_64 1.1.1 170.00 NOTE
r-release-windows-x86_64 1.1.1 53.00 184.00 237.00 OK
r-oldrel-macos-arm64 1.1.1 78.00 OK
r-oldrel-windows-x86_64 1.1.1 54.00 159.00 213.00 OK

Check Details

Version: 1.1.1
Check: package dependencies
Result: NOTE Package suggested but not available for checking: ‘rhdf5’ Flavors: r-release-macos-arm64, r-release-macos-x86_64