CRAN Package Check Results for Package Morpho

Last updated on 2022-07-01 11:52:05 CEST.

Flavor Version Tinstall Tcheck Ttotal Status Flags
r-devel-linux-x86_64-debian-clang 2.9 270.98 199.19 470.17 OK
r-devel-linux-x86_64-debian-gcc 2.9 227.11 149.22 376.33 OK
r-devel-linux-x86_64-fedora-clang 2.9 669.02 NOTE
r-devel-linux-x86_64-fedora-gcc 2.9 601.70 OK
r-devel-windows-x86_64 2.9 233.00 267.00 500.00 NOTE
r-patched-linux-x86_64 2.9 242.62 187.19 429.81 OK
r-release-linux-x86_64 2.9 237.99 189.62 427.61 OK
r-release-macos-arm64 2.9 141.00 NOTE
r-release-macos-x86_64 2.9 183.00 NOTE
r-release-windows-x86_64 2.9 230.00 257.00 487.00 NOTE
r-oldrel-macos-arm64 2.9 165.00 NOTE
r-oldrel-macos-x86_64 2.9 179.00 NOTE
r-oldrel-windows-ix86+x86_64 2.9 645.00 366.00 1011.00 NOTE

Check Details

Version: 2.9
Check: installed package size
Result: NOTE
     installed size is 10.0Mb
     sub-directories of 1Mb or more:
     data 2.0Mb
     libs 6.3Mb
Flavors: r-devel-linux-x86_64-fedora-clang, r-devel-windows-x86_64, r-release-macos-arm64, r-release-macos-x86_64, r-release-windows-x86_64, r-oldrel-macos-arm64, r-oldrel-macos-x86_64, r-oldrel-windows-ix86+x86_64