Last updated on 2024-03-28 09:51:49 CET.
Flavor | Version | Tinstall | Tcheck | Ttotal | Status | Flags |
---|---|---|---|---|---|---|
r-devel-linux-x86_64-debian-clang | 0.9.6 | 18.20 | 147.68 | 165.88 | OK | |
r-devel-linux-x86_64-debian-gcc | 0.9.6 | 16.03 | 111.00 | 127.03 | OK | |
r-devel-linux-x86_64-fedora-clang | 0.9.6 | 218.17 | NOTE | |||
r-devel-linux-x86_64-fedora-gcc | 0.9.6 | 200.09 | OK | |||
r-devel-windows-x86_64 | 0.9.6 | 18.00 | 136.00 | 154.00 | OK | |
r-patched-linux-x86_64 | 0.9.6 | 18.64 | 146.25 | 164.89 | OK | |
r-release-linux-x86_64 | 0.9.6 | 16.57 | 143.73 | 160.30 | OK | |
r-release-macos-arm64 | 0.9.6 | 60.00 | OK | |||
r-release-macos-x86_64 | 0.9.6 | 114.00 | OK | |||
r-release-windows-x86_64 | 0.9.6 | 22.00 | 155.00 | 177.00 | OK | |
r-oldrel-macos-arm64 | 0.9.6 | 65.00 | OK | |||
r-oldrel-windows-x86_64 | 0.9.6 | 23.00 | 162.00 | 185.00 | OK |
Version: 0.9.6
Check: Rd cross-references
Result: NOTE
Undeclared package ‘pscl’ in Rd xrefs
Flavor: r-devel-linux-x86_64-fedora-clang