Last updated on 2024-03-29 09:55:29 CET.
Flavor | Version | Tinstall | Tcheck | Ttotal | Status | Flags |
---|---|---|---|---|---|---|
r-devel-linux-x86_64-debian-clang | 1.3.3 | 6.56 | 36.77 | 43.33 | OK | |
r-devel-linux-x86_64-debian-gcc | 1.3.3 | 4.50 | 28.26 | 32.76 | OK | |
r-devel-linux-x86_64-fedora-clang | 1.3.3 | 54.44 | NOTE | |||
r-devel-linux-x86_64-fedora-gcc | 1.3.3 | 53.40 | NOTE | |||
r-devel-windows-x86_64 | 1.3.3 | 7.00 | 54.00 | 61.00 | OK | |
r-patched-linux-x86_64 | 1.3.3 | 7.28 | 36.34 | 43.62 | OK | |
r-release-linux-x86_64 | 1.3.3 | 7.73 | 34.84 | 42.57 | OK | |
r-release-macos-arm64 | 1.3.3 | 26.00 | NOTE | |||
r-release-macos-x86_64 | 1.3.3 | 33.00 | NOTE | |||
r-release-windows-x86_64 | 1.3.3 | 9.00 | 62.00 | 71.00 | OK | |
r-oldrel-macos-arm64 | 1.3.3 | 23.00 | NOTE | |||
r-oldrel-windows-x86_64 | 1.3.3 | 10.00 | 58.00 | 68.00 | OK |
Version: 1.3.3
Check: data for non-ASCII characters
Result: NOTE
Note: found 20578 marked UTF-8 strings
Flavors: r-devel-linux-x86_64-fedora-clang, r-devel-linux-x86_64-fedora-gcc
Version: 1.3.3
Check: installed package size
Result: NOTE
installed size is 5.3Mb
sub-directories of 1Mb or more:
data 5.0Mb
Flavors: r-release-macos-arm64, r-release-macos-x86_64, r-oldrel-macos-arm64