Last updated on 2022-06-26 11:52:37 CEST.
Flavor | Version | Tinstall | Tcheck | Ttotal | Status | Flags |
---|---|---|---|---|---|---|
r-devel-linux-x86_64-debian-clang | 0.0.31 | 17.28 | 136.32 | 153.60 | NOTE | |
r-devel-linux-x86_64-debian-gcc | 0.0.31 | 14.05 | 99.84 | 113.89 | NOTE | |
r-devel-linux-x86_64-fedora-clang | 0.0.31 | 213.94 | NOTE | |||
r-devel-linux-x86_64-fedora-gcc | 0.0.31 | 183.91 | NOTE | |||
r-devel-windows-x86_64 | 0.0.31 | 25.00 | 147.00 | 172.00 | NOTE | |
r-patched-linux-x86_64 | 0.0.31 | 15.10 | 125.67 | 140.77 | NOTE | |
r-release-linux-x86_64 | 0.0.31 | 11.06 | 125.59 | 136.65 | NOTE | |
r-release-macos-arm64 | 0.0.31 | 51.00 | NOTE | |||
r-release-macos-x86_64 | 0.0.31 | 87.00 | NOTE | |||
r-release-windows-x86_64 | 0.0.31 | 30.00 | 148.00 | 178.00 | NOTE | |
r-oldrel-macos-arm64 | 0.0.31 | 53.00 | NOTE | |||
r-oldrel-macos-x86_64 | 0.0.31 | 81.00 | NOTE | |||
r-oldrel-windows-ix86+x86_64 | 0.0.31 | 39.00 | 159.00 | 198.00 | NOTE |
Version: 0.0.31
Check: LazyData
Result: NOTE
'LazyData' is specified without a 'data' directory
Flavors: r-devel-linux-x86_64-debian-clang, r-devel-linux-x86_64-debian-gcc, r-devel-linux-x86_64-fedora-clang, r-devel-linux-x86_64-fedora-gcc, r-devel-windows-x86_64, r-patched-linux-x86_64, r-release-linux-x86_64, r-release-macos-arm64, r-release-macos-x86_64, r-release-windows-x86_64, r-oldrel-macos-arm64, r-oldrel-macos-x86_64, r-oldrel-windows-ix86+x86_64
Version: 0.0.31
Check: dependencies in R code
Result: NOTE
Namespace in Imports field not imported from: ‘ggplot2’
All declared Imports should be used.
Flavors: r-devel-linux-x86_64-fedora-clang, r-devel-linux-x86_64-fedora-gcc, r-release-macos-arm64, r-release-macos-x86_64, r-oldrel-macos-x86_64