Last updated on 2025-04-29 12:52:42 CEST.
Flavor | Version | Tinstall | Tcheck | Ttotal | Status | Flags |
---|---|---|---|---|---|---|
r-devel-linux-x86_64-debian-clang | 1.0.1 | 11.48 | 159.00 | 170.48 | NOTE | |
r-devel-linux-x86_64-debian-gcc | 1.0.1 | 7.07 | 92.95 | 100.02 | NOTE | |
r-devel-linux-x86_64-fedora-clang | 1.0.1 | 283.97 | NOTE | |||
r-devel-linux-x86_64-fedora-gcc | 1.0.1 | 237.63 | NOTE | |||
r-devel-windows-x86_64 | 1.0.1 | 11.00 | 141.00 | 152.00 | NOTE | |
r-patched-linux-x86_64 | 1.0.1 | 11.70 | 154.48 | 166.18 | NOTE | |
r-release-linux-x86_64 | 1.0.1 | 11.36 | 155.18 | 166.54 | NOTE | |
r-release-macos-arm64 | 1.0.1 | 57.00 | NOTE | |||
r-release-macos-x86_64 | 1.0.1 | 133.00 | NOTE | |||
r-release-windows-x86_64 | 1.0.1 | 11.00 | 143.00 | 154.00 | NOTE | |
r-oldrel-macos-arm64 | 1.0.1 | 57.00 | NOTE | |||
r-oldrel-macos-x86_64 | 1.0.1 | 97.00 | NOTE | |||
r-oldrel-windows-x86_64 | 1.0.1 | 11.00 | 140.00 | 151.00 | NOTE |
Version: 1.0.1
Check: CRAN incoming feasibility
Result: NOTE
Maintainer: ‘Sander Lestrade <samlestrade@protonmail.com>’
No Authors@R field in DESCRIPTION.
Please add one, modifying
Authors@R: person(given = "Sander",
family = "Lestrade",
role = c("aut", "cre"),
email = "samlestrade@protonmail.com")
as necessary.
Flavors: r-devel-linux-x86_64-debian-clang, r-devel-linux-x86_64-debian-gcc
Version: 1.0.1
Check: package subdirectories
Result: NOTE
Problems with news in ‘NEWS.md’:
No news entries found.
Flavors: r-devel-linux-x86_64-debian-clang, r-devel-linux-x86_64-debian-gcc, r-devel-linux-x86_64-fedora-clang, r-devel-linux-x86_64-fedora-gcc, r-devel-windows-x86_64, r-patched-linux-x86_64, r-release-linux-x86_64, r-release-macos-arm64, r-release-macos-x86_64, r-release-windows-x86_64, r-oldrel-macos-arm64, r-oldrel-macos-x86_64, r-oldrel-windows-x86_64
Version: 1.0.1
Check: Rd files
Result: NOTE
checkRd: (-1) CHECKSUCCESS.Rd:44: Escaped LaTeX specials: \&
Flavors: r-devel-linux-x86_64-debian-clang, r-devel-linux-x86_64-debian-gcc, r-devel-linux-x86_64-fedora-clang, r-devel-linux-x86_64-fedora-gcc, r-devel-windows-x86_64, r-patched-linux-x86_64, r-release-linux-x86_64, r-release-macos-arm64, r-release-macos-x86_64, r-release-windows-x86_64, r-oldrel-macos-arm64, r-oldrel-macos-x86_64, r-oldrel-windows-x86_64
Version: 1.0.1
Check: examples
Result: NOTE
Examples with CPU (user + system) or elapsed time > 5s
user system elapsed
PROTOINTERPRETATION 4.059 0.003 5.071
SUCCESS 3.938 0.000 5.359
EROSION 3.871 0.015 5.037
GROUP 3.865 0.000 5.040
VERBMORPHOLOGY 3.848 0.004 5.341
ANALYZE 3.850 0.001 5.203
INTERPRET 3.835 0.000 5.245
TYPEMATCH 3.820 0.000 5.023
PREPARE 3.759 0.000 5.223
Flavor: r-devel-linux-x86_64-debian-clang