Last updated on 2024-05-01 12:14:29 CEST.
Flavor | Version | Tinstall | Tcheck | Ttotal | Status | Flags |
---|---|---|---|---|---|---|
r-devel-linux-x86_64-debian-clang | 1.0.1 | 14.69 | 232.00 | 246.69 | NOTE | |
r-devel-linux-x86_64-debian-gcc | 1.0.1 | 10.74 | 145.51 | 156.25 | NOTE | |
r-devel-linux-x86_64-fedora-clang | 1.0.1 | 275.21 | NOTE | |||
r-devel-linux-x86_64-fedora-gcc | 1.0.1 | 278.85 | NOTE | |||
r-devel-windows-x86_64 | 1.0.1 | 11.00 | 143.00 | 154.00 | NOTE | |
r-patched-linux-x86_64 | 1.0.1 | 13.20 | 186.61 | 199.81 | NOTE | |
r-release-linux-x86_64 | 1.0.1 | 11.52 | 209.14 | 220.66 | NOTE | |
r-release-macos-arm64 | 1.0.1 | 57.00 | NOTE | |||
r-release-windows-x86_64 | 1.0.1 | 11.00 | 140.00 | 151.00 | NOTE | |
r-oldrel-macos-arm64 | 1.0.1 | 63.00 | NOTE | |||
r-oldrel-macos-x86_64 | 1.0.1 | 121.00 | NOTE | |||
r-oldrel-windows-x86_64 | 1.0.1 | 13.00 | 197.00 | 210.00 | NOTE |
Version: 1.0.1
Check: package subdirectories
Result: NOTE
Problems with news in ‘NEWS.md’:
No news entries found.
Flavors: r-devel-linux-x86_64-debian-clang, r-devel-linux-x86_64-debian-gcc, r-devel-linux-x86_64-fedora-clang, r-devel-linux-x86_64-fedora-gcc, r-devel-windows-x86_64, r-patched-linux-x86_64, r-release-linux-x86_64, r-release-macos-arm64, r-release-windows-x86_64, r-oldrel-macos-arm64, r-oldrel-macos-x86_64, r-oldrel-windows-x86_64
Version: 1.0.1
Check: Rd files
Result: NOTE
checkRd: (-1) CHECKSUCCESS.Rd:44: Escaped LaTeX specials: \&
Flavors: r-devel-linux-x86_64-debian-clang, r-devel-linux-x86_64-debian-gcc, r-devel-linux-x86_64-fedora-clang, r-devel-linux-x86_64-fedora-gcc, r-devel-windows-x86_64, r-patched-linux-x86_64, r-release-linux-x86_64, r-release-macos-arm64, r-release-windows-x86_64, r-oldrel-macos-arm64, r-oldrel-macos-x86_64, r-oldrel-windows-x86_64