Last updated on 2022-06-30 11:53:12 CEST.
Flavor | Version | Tinstall | Tcheck | Ttotal | Status | Flags |
---|---|---|---|---|---|---|
r-devel-linux-x86_64-debian-clang | 0.1-2 | 10.67 | 110.94 | 121.61 | NOTE | |
r-devel-linux-x86_64-debian-gcc | 0.1-2 | 10.58 | 83.06 | 93.64 | NOTE | |
r-devel-linux-x86_64-fedora-clang | 0.1-2 | 162.66 | NOTE | |||
r-devel-linux-x86_64-fedora-gcc | 0.1-2 | 161.18 | NOTE | |||
r-devel-windows-x86_64 | 0.1-2 | 118.00 | 161.00 | 279.00 | OK | |
r-patched-linux-x86_64 | 0.1-2 | 15.72 | 106.85 | 122.57 | NOTE | |
r-release-linux-x86_64 | 0.1-2 | 15.45 | 106.43 | 121.88 | NOTE | |
r-release-macos-arm64 | 0.1-2 | 50.00 | NOTE | |||
r-release-macos-x86_64 | 0.1-2 | 67.00 | NOTE | |||
r-release-windows-x86_64 | 0.1-2 | 133.00 | 159.00 | 292.00 | OK | |
r-oldrel-macos-arm64 | 0.1-2 | 55.00 | NOTE | |||
r-oldrel-macos-x86_64 | 0.1-2 | 72.00 | NOTE | |||
r-oldrel-windows-ix86+x86_64 | 0.1-2 | 30.00 | 180.00 | 210.00 | OK |
Version: 0.1-2
Check: package dependencies
Result: NOTE
Package which this enhances but not available for checking: 'AnalyzeFMRI'
Flavors: r-devel-linux-x86_64-debian-clang, r-devel-linux-x86_64-debian-gcc, r-devel-linux-x86_64-fedora-clang, r-devel-linux-x86_64-fedora-gcc, r-patched-linux-x86_64, r-release-linux-x86_64
Version: 0.1-2
Check: package dependencies
Result: NOTE
Package which this enhances but not available for checking: ‘pbdMPI’
Flavors: r-release-macos-arm64, r-oldrel-macos-arm64, r-oldrel-macos-x86_64
Version: 0.1-2
Check: package dependencies
Result: NOTE
Packages which this enhances but not available for checking:
'pbdMPI', 'AnalyzeFMRI'
Flavor: r-release-macos-x86_64