Last updated on 2024-04-24 11:20:56 CEST.
Flavor | Version | Tinstall | Tcheck | Ttotal | Status | Flags |
---|---|---|---|---|---|---|
r-devel-linux-x86_64-debian-clang | 2.0 | 2.73 | 27.96 | 30.69 | OK | |
r-devel-linux-x86_64-debian-gcc | 2.0 | 2.12 | 21.19 | 23.31 | OK | |
r-devel-linux-x86_64-fedora-clang | 2.0 | 38.77 | NOTE | |||
r-devel-linux-x86_64-fedora-gcc | 2.0 | 38.83 | NOTE | |||
r-devel-windows-x86_64 | 2.0 | 3.00 | 45.00 | 48.00 | OK | |
r-patched-linux-x86_64 | 2.0 | 2.30 | 27.73 | 30.03 | OK | |
r-release-linux-x86_64 | 2.0 | 1.91 | 28.08 | 29.99 | OK | |
r-release-macos-arm64 | 2.0 | 19.00 | OK | |||
r-release-windows-x86_64 | 2.0 | 3.00 | 53.00 | 56.00 | OK | |
r-oldrel-macos-arm64 | 2.0 | 19.00 | NOTE | |||
r-oldrel-macos-x86_64 | 2.0 | 23.00 | OK | |||
r-oldrel-windows-x86_64 | 2.0 | 4.00 | 51.00 | 55.00 | OK |
Version: 2.0
Check: dependencies in R code
Result: NOTE
Namespaces in Imports field not imported from:
‘ashr’ ‘fdrtool’
All declared Imports should be used.
Flavors: r-devel-linux-x86_64-fedora-clang, r-devel-linux-x86_64-fedora-gcc, r-oldrel-macos-arm64