CRAN Package Check Results for Package MixTwice

Last updated on 2022-08-14 11:53:04 CEST.

Flavor Version Tinstall Tcheck Ttotal Status Flags
r-devel-linux-x86_64-debian-clang 2.0 2.28 28.38 30.66 OK
r-devel-linux-x86_64-debian-gcc 2.0 1.62 21.90 23.52 OK
r-devel-linux-x86_64-fedora-clang 2.0 48.75 NOTE
r-devel-linux-x86_64-fedora-gcc 2.0 48.08 NOTE
r-devel-windows-x86_64 2.0 8.00 53.00 61.00 OK
r-patched-linux-x86_64 2.0 1.98 27.70 29.68 OK
r-release-linux-x86_64 2.0 2.16 27.62 29.78 OK
r-release-macos-arm64 2.0 19.00 NOTE
r-release-macos-x86_64 2.0 25.00 NOTE
r-release-windows-x86_64 2.0 8.00 52.00 60.00 OK
r-oldrel-macos-arm64 2.0 19.00 NOTE
r-oldrel-macos-x86_64 2.0 23.00 NOTE
r-oldrel-windows-ix86+x86_64 2.0 5.00 48.00 53.00 OK

Check Details

Version: 2.0
Check: dependencies in R code
Result: NOTE
    Namespaces in Imports field not imported from:
     ‘ashr’ ‘fdrtool’
     All declared Imports should be used.
Flavors: r-devel-linux-x86_64-fedora-clang, r-devel-linux-x86_64-fedora-gcc, r-release-macos-arm64, r-release-macos-x86_64, r-oldrel-macos-arm64, r-oldrel-macos-x86_64