Last updated on 2024-04-22 12:55:46 CEST.
Flavor | Version | Tinstall | Tcheck | Ttotal | Status | Flags |
---|---|---|---|---|---|---|
r-devel-linux-x86_64-debian-clang | 3.1.12 | 8.30 | 89.10 | 97.40 | NOTE | |
r-devel-linux-x86_64-debian-gcc | 3.1.12 | 6.58 | 63.37 | 69.95 | NOTE | |
r-devel-linux-x86_64-fedora-clang | 3.1.12 | 120.30 | NOTE | |||
r-devel-linux-x86_64-fedora-gcc | 3.1.12 | 180.96 | NOTE | |||
r-prerel-macos-arm64 | 3.1.12 | 63.00 | NOTE | |||
r-prerel-windows-x86_64 | 3.1.12 | 8.00 | 95.00 | 103.00 | NOTE | |
r-patched-linux-x86_64 | 3.1.12 | 7.90 | 83.55 | 91.45 | NOTE | |
r-release-linux-x86_64 | 3.1.12 | 8.64 | 82.23 | 90.87 | NOTE | |
r-release-macos-arm64 | 3.1.12 | 70.00 | NOTE | |||
r-release-macos-x86_64 | 3.1.12 | 90.00 | NOTE | |||
r-release-windows-x86_64 | 3.1.12 | 10.00 | 96.00 | 106.00 | NOTE | |
r-oldrel-macos-arm64 | 3.1.12 | 51.00 | NOTE | |||
r-oldrel-windows-x86_64 | 3.1.12 | 11.00 | 97.00 | 108.00 | NOTE |
Version: 3.1.12
Check: LazyData
Result: NOTE
'LazyData' is specified without a 'data' directory
Flavors: r-devel-linux-x86_64-debian-clang, r-devel-linux-x86_64-debian-gcc, r-devel-linux-x86_64-fedora-clang, r-devel-linux-x86_64-fedora-gcc, r-prerel-macos-arm64, r-prerel-windows-x86_64, r-patched-linux-x86_64, r-release-linux-x86_64, r-release-macos-arm64, r-release-macos-x86_64, r-release-windows-x86_64, r-oldrel-macos-arm64, r-oldrel-windows-x86_64