CRAN Package Check Results for Package MixSIAR

Last updated on 2024-02-24 11:49:32 CET.

Flavor Version Tinstall Tcheck Ttotal Status Flags
r-devel-linux-x86_64-debian-clang 3.1.12 8.75 84.33 93.08 NOTE
r-devel-linux-x86_64-debian-gcc 3.1.12 5.70 61.95 67.65 NOTE
r-devel-linux-x86_64-fedora-clang 3.1.12 123.44 NOTE
r-devel-linux-x86_64-fedora-gcc 3.1.12 173.92 NOTE
r-devel-windows-x86_64 3.1.12 8.00 94.00 102.00 NOTE
r-patched-linux-x86_64 3.1.12 8.14 83.09 91.23 NOTE
r-release-linux-x86_64 3.1.12 5.66 81.18 86.84 NOTE
r-release-macos-arm64 3.1.12 70.00 NOTE
r-release-macos-x86_64 3.1.12 90.00 NOTE
r-release-windows-x86_64 3.1.12 12.00 105.00 117.00 NOTE
r-oldrel-macos-arm64 3.1.12 51.00 NOTE
r-oldrel-windows-x86_64 3.1.12 11.00 93.00 104.00 NOTE

Check Details

Version: 3.1.12
Check: LazyData
Result: NOTE 'LazyData' is specified without a 'data' directory Flavors: r-devel-linux-x86_64-debian-clang, r-devel-linux-x86_64-debian-gcc, r-devel-linux-x86_64-fedora-clang, r-devel-linux-x86_64-fedora-gcc, r-devel-windows-x86_64, r-patched-linux-x86_64, r-release-linux-x86_64, r-release-macos-arm64, r-release-macos-x86_64, r-release-windows-x86_64, r-oldrel-macos-arm64, r-oldrel-windows-x86_64