Last updated on 2022-06-27 11:50:48 CEST.
Flavor | Version | Tinstall | Tcheck | Ttotal | Status | Flags |
---|---|---|---|---|---|---|
r-devel-linux-x86_64-debian-clang | 1.1.3 | 28.73 | 263.78 | 292.51 | OK | |
r-devel-linux-x86_64-debian-gcc | 1.1.3 | 21.69 | 195.87 | 217.56 | OK | |
r-devel-linux-x86_64-fedora-clang | 1.1.3 | 352.23 | WARN | |||
r-devel-linux-x86_64-fedora-gcc | 1.1.3 | 358.50 | WARN | |||
r-devel-windows-x86_64 | 1.1.3 | 32.00 | 267.00 | 299.00 | OK | |
r-patched-linux-x86_64 | 1.1.3 | 24.54 | 254.58 | 279.12 | OK | |
r-release-linux-x86_64 | 1.1.3 | 26.51 | 257.02 | 283.53 | OK | |
r-release-macos-arm64 | 1.1.3 | 78.00 | NOTE | |||
r-release-macos-x86_64 | 1.1.3 | 137.00 | NOTE | |||
r-release-windows-x86_64 | 1.1.3 | 31.00 | 258.00 | 289.00 | OK | |
r-oldrel-macos-arm64 | 1.1.3 | 81.00 | NOTE | |||
r-oldrel-macos-x86_64 | 1.1.3 | 106.00 | NOTE | |||
r-oldrel-windows-ix86+x86_64 | 1.1.3 | 65.00 | 276.00 | 341.00 | OK |
Version: 1.1.3
Check: package dependencies
Result: WARN
Requires (indirectly) orphaned package: ‘gtools’
Flavors: r-devel-linux-x86_64-fedora-clang, r-devel-linux-x86_64-fedora-gcc
Version: 1.1.3
Check: dependencies in R code
Result: NOTE
Namespace in Imports field not imported from: ‘rgdal’
All declared Imports should be used.
Flavors: r-devel-linux-x86_64-fedora-clang, r-devel-linux-x86_64-fedora-gcc, r-release-macos-arm64, r-release-macos-x86_64, r-oldrel-macos-arm64, r-oldrel-macos-x86_64