CRAN Package Check Results for Package MicrobiomeStat

Last updated on 2022-07-06 12:53:39 CEST.

Flavor Version Tinstall Tcheck Ttotal Status Flags
r-devel-linux-x86_64-debian-clang 1.1 32.86 309.37 342.23 OK
r-devel-linux-x86_64-debian-gcc 1.1 27.47 227.17 254.64 OK
r-devel-linux-x86_64-fedora-clang 1.1 426.51 NOTE
r-devel-linux-x86_64-fedora-gcc 1.1 426.42 NOTE
r-devel-windows-x86_64 1.1 38.00 278.00 316.00 OK
r-patched-linux-x86_64 1.1 31.00 295.32 326.32 OK
r-release-linux-x86_64 1.1 27.55 286.70 314.25 OK
r-release-macos-arm64 1.1 103.00 NOTE
r-release-macos-x86_64 1.1 173.00 NOTE
r-release-windows-x86_64 1.1 40.00 294.00 334.00 OK
r-oldrel-macos-arm64 1.1 98.00 NOTE
r-oldrel-macos-x86_64 1.1 140.00 NOTE
r-oldrel-windows-ix86+x86_64 1.1 75.00 301.00 376.00 OK

Check Details

Version: 1.1
Check: dependencies in R code
Result: NOTE
    Namespaces in Imports field not imported from:
     ‘MASS’ ‘Matrix’ ‘utils’
     All declared Imports should be used.
Flavors: r-devel-linux-x86_64-fedora-clang, r-devel-linux-x86_64-fedora-gcc, r-release-macos-arm64, r-release-macos-x86_64, r-oldrel-macos-arm64, r-oldrel-macos-x86_64