Last updated on 2025-01-23 13:52:26 CET.
Flavor | Version | Tinstall | Tcheck | Ttotal | Status | Flags |
---|---|---|---|---|---|---|
r-devel-linux-x86_64-debian-clang | 0.1.2 | 2.49 | 46.31 | 48.80 | NOTE | |
r-devel-linux-x86_64-debian-gcc | 0.1.2 | 2.09 | 33.88 | 35.97 | NOTE | |
r-devel-linux-x86_64-fedora-clang | 0.1.2 | 81.05 | OK | |||
r-devel-linux-x86_64-fedora-gcc | 0.1.2 | 72.90 | OK | |||
r-devel-windows-x86_64 | 0.1.2 | 4.00 | 73.00 | 77.00 | NOTE | |
r-patched-linux-x86_64 | 0.1.2 | 10.19 | 43.56 | 53.75 | OK | |
r-release-linux-x86_64 | 0.1.2 | 2.59 | 42.16 | 44.75 | OK | |
r-release-macos-arm64 | 0.1.2 | 30.00 | OK | |||
r-release-macos-x86_64 | 0.1.2 | 39.00 | OK | |||
r-release-windows-x86_64 | 0.1.2 | 4.00 | 70.00 | 74.00 | OK | |
r-oldrel-macos-arm64 | 0.1.2 | 33.00 | OK | |||
r-oldrel-macos-x86_64 | 0.1.2 | 46.00 | OK | |||
r-oldrel-windows-x86_64 | 0.1.2 | 5.00 | 85.00 | 90.00 | OK |
Version: 0.1.2
Check: Rd cross-references
Result: NOTE
Found the following Rd file(s) with Rd \link{} targets missing package
anchors:
MiBiClassGBODT.Rd: createFolds, gbm, roc
MiIntDepthAjust.Rd: gbm
MiNTreesAjust.Rd: gbm
MiNorm.Rd: backgroundCorrect, normalize.quantiles, SQN,
normalizeCyclicLoess
MiShrinkAjust.Rd: gbm
MiStatCount.Rd: rowttests
Please provide package anchors for all Rd \link{} targets not in the
package itself and the base packages.
Flavors: r-devel-linux-x86_64-debian-clang, r-devel-linux-x86_64-debian-gcc, r-devel-windows-x86_64