Last updated on 2024-03-28 09:51:48 CET.
Flavor | Version | Tinstall | Tcheck | Ttotal | Status | Flags |
---|---|---|---|---|---|---|
r-devel-linux-x86_64-debian-clang | 1.30.0 | 8.18 | 97.38 | 105.56 | NOTE | |
r-devel-linux-x86_64-debian-gcc | 1.30.0 | 6.12 | 73.97 | 80.09 | NOTE | |
r-devel-linux-x86_64-fedora-clang | 1.30.0 | 143.84 | NOTE | |||
r-devel-linux-x86_64-fedora-gcc | 1.30.0 | 128.47 | NOTE | |||
r-devel-windows-x86_64 | 1.30.0 | 7.00 | 103.00 | 110.00 | NOTE | |
r-patched-linux-x86_64 | 1.30.0 | 11.00 | 96.27 | 107.27 | NOTE | |
r-release-linux-x86_64 | 1.30.0 | 8.96 | 94.71 | 103.67 | NOTE | |
r-release-macos-arm64 | 1.30.0 | 47.00 | NOTE | |||
r-release-macos-x86_64 | 1.30.0 | 65.00 | NOTE | |||
r-release-windows-x86_64 | 1.30.0 | 9.00 | 119.00 | 128.00 | NOTE | |
r-oldrel-macos-arm64 | 1.30.0 | 47.00 | OK | |||
r-oldrel-windows-x86_64 | 1.30.0 | 10.00 | 112.00 | 122.00 | OK |
Version: 1.30.0
Check: Rd files
Result: NOTE
checkRd: (-1) cardiac.Rd:15: Escaped LaTeX specials: \&
checkRd: (-1) plvol.Rd:14: Escaped LaTeX specials: \&
checkRd: (-1) sbp.Rd:16: Escaped LaTeX specials: \&
Flavors: r-devel-linux-x86_64-debian-clang, r-devel-linux-x86_64-debian-gcc, r-devel-linux-x86_64-fedora-clang, r-devel-linux-x86_64-fedora-gcc, r-devel-windows-x86_64, r-patched-linux-x86_64, r-release-linux-x86_64, r-release-macos-arm64, r-release-macos-x86_64, r-release-windows-x86_64
Version: 1.30.0
Check: HTML version of manual
Result: NOTE
Found the following HTML validation problems:
BA.est.html:149:32 (BA.est.Rd:121): Warning: trimming empty <code>
Flavors: r-devel-linux-x86_64-debian-clang, r-devel-linux-x86_64-debian-gcc, r-devel-linux-x86_64-fedora-clang, r-devel-linux-x86_64-fedora-gcc, r-devel-windows-x86_64, r-patched-linux-x86_64
Version: 1.30.0
Check: Rd cross-references
Result: NOTE
Undeclared package ‘R2WinBUGS’ in Rd xrefs
Flavor: r-devel-linux-x86_64-fedora-clang