Last updated on 2022-07-04 12:54:14 CEST.
Flavor | Version | Tinstall | Tcheck | Ttotal | Status | Flags |
---|---|---|---|---|---|---|
r-devel-linux-x86_64-debian-clang | 1.0 | 31.04 | 26.47 | 57.51 | OK | |
r-devel-linux-x86_64-debian-gcc | 1.0 | 26.40 | 20.88 | 47.28 | OK | |
r-devel-linux-x86_64-fedora-clang | 1.0 | 94.68 | NOTE | |||
r-devel-linux-x86_64-fedora-gcc | 1.0 | 84.64 | NOTE | |||
r-devel-windows-x86_64 | 1.0 | 31.00 | 70.00 | 101.00 | OK | |
r-patched-linux-x86_64 | 1.0 | 27.49 | 25.92 | 53.41 | OK | |
r-release-linux-x86_64 | 1.0 | 25.94 | 26.44 | 52.38 | OK | |
r-release-macos-arm64 | 1.0 | 25.00 | OK | |||
r-release-macos-x86_64 | 1.0 | 31.00 | OK | |||
r-release-windows-x86_64 | 1.0 | 34.00 | 74.00 | 108.00 | OK | |
r-oldrel-macos-arm64 | 1.0 | 30.00 | OK | |||
r-oldrel-macos-x86_64 | 1.0 | 53.00 | OK | |||
r-oldrel-windows-ix86+x86_64 | 1.0 | 79.00 | 72.00 | 151.00 | OK |
Version: 1.0
Check: compiled code
Result: NOTE
File ‘MetaheuristicFPA/libs/MetaheuristicFPA.so’:
Found no calls to: ‘R_registerRoutines’, ‘R_useDynamicSymbols’
It is good practice to register native routines and to disable symbol
search.
See ‘Writing portable packages’ in the ‘Writing R Extensions’ manual.
Flavors: r-devel-linux-x86_64-fedora-clang, r-devel-linux-x86_64-fedora-gcc