CRAN Package Check Results for Package MetaSubtract

Last updated on 2025-05-12 13:50:18 CEST.

Flavor Version Tinstall Tcheck Ttotal Status Flags
r-devel-linux-x86_64-debian-clang 1.60 2.74 21.55 24.29 NOTE
r-devel-linux-x86_64-debian-gcc 1.60 2.20 16.46 18.66 NOTE
r-devel-linux-x86_64-fedora-clang 1.60 38.92 OK
r-devel-linux-x86_64-fedora-gcc 1.60 39.84 OK
r-devel-windows-x86_64 1.60 3.00 37.00 40.00 OK
r-patched-linux-x86_64 1.60 2.90 20.73 23.63 OK
r-release-linux-x86_64 1.60 2.87 20.76 23.63 OK
r-release-macos-arm64 1.60 14.00 OK
r-release-macos-x86_64 1.60 27.00 OK
r-release-windows-x86_64 1.60 4.00 38.00 42.00 OK
r-oldrel-macos-arm64 1.60 15.00 OK
r-oldrel-macos-x86_64 1.60 24.00 OK
r-oldrel-windows-x86_64 1.60 3.00 38.00 41.00 OK

Check Details

Version: 1.60
Check: CRAN incoming feasibility
Result: NOTE Maintainer: ‘Ilja M. Nolte <i.m.nolte@umcg.nl>’ No Authors@R field in DESCRIPTION. Please add one, modifying Authors@R: person(given = c("Ilja", "M."), family = "Nolte", role = c("aut", "cre"), email = "i.m.nolte@umcg.nl") as necessary. Flavors: r-devel-linux-x86_64-debian-clang, r-devel-linux-x86_64-debian-gcc