Last updated on 2022-08-14 11:53:04 CEST.
Flavor | Version | Tinstall | Tcheck | Ttotal | Status | Flags |
---|---|---|---|---|---|---|
r-devel-linux-x86_64-debian-clang | 1.0.10 | 48.74 | 508.77 | 557.51 | OK | |
r-devel-linux-x86_64-debian-gcc | 1.0.10 | 42.29 | 369.40 | 411.69 | OK | |
r-devel-linux-x86_64-fedora-clang | 1.0.10 | 664.60 | NOTE | |||
r-devel-linux-x86_64-fedora-gcc | 1.0.10 | 677.64 | NOTE | |||
r-devel-windows-x86_64 | 1.0.10 | 125.00 | 521.00 | 646.00 | OK | |
r-patched-linux-x86_64 | 1.0.10 | 76.79 | 581.95 | 658.74 | OK | |
r-release-linux-x86_64 | 1.0.10 | 71.50 | 570.67 | 642.17 | OK | |
r-release-macos-arm64 | 1.0.10 | 406.00 | NOTE | |||
r-release-macos-x86_64 | 1.0.10 | 683.00 | NOTE | |||
r-release-windows-x86_64 | 1.0.10 | 98.00 | 523.00 | 621.00 | OK | |
r-oldrel-macos-arm64 | 1.0.10 | 281.00 | NOTE | |||
r-oldrel-macos-x86_64 | 1.0.10 | 399.00 | NOTE | |||
r-oldrel-windows-ix86+x86_64 | 1.0.10 | 108.00 | 616.00 | 724.00 | OK |
Version: 1.0.10
Check: dependencies in R code
Result: NOTE
Namespace in Imports field not imported from: ‘knitr’
All declared Imports should be used.
Flavors: r-devel-linux-x86_64-fedora-clang, r-devel-linux-x86_64-fedora-gcc, r-release-macos-arm64, r-release-macos-x86_64, r-oldrel-macos-arm64, r-oldrel-macos-x86_64