Last updated on 2023-12-06 11:52:30 CET.
Flavor | Version | Tinstall | Tcheck | Ttotal | Status | Flags |
---|---|---|---|---|---|---|
r-devel-linux-x86_64-debian-clang | 1.0.1 | 3.07 | 39.24 | 42.31 | NOTE | |
r-devel-linux-x86_64-debian-gcc | 1.0.1 | 1.70 | 29.46 | 31.16 | NOTE | |
r-devel-linux-x86_64-fedora-clang | 1.0.1 | 54.05 | NOTE | |||
r-devel-linux-x86_64-fedora-gcc | 1.0.1 | 62.53 | NOTE | |||
r-devel-windows-x86_64 | 1.0.1 | 3.00 | 52.00 | 55.00 | OK | |
r-patched-linux-x86_64 | 1.0.1 | 2.31 | 38.45 | 40.76 | NOTE | |
r-release-linux-x86_64 | 1.0.1 | 3.01 | 38.81 | 41.82 | NOTE | |
r-release-macos-arm64 | 1.0.1 | 29.00 | OK | |||
r-release-macos-x86_64 | 1.0.1 | 38.00 | OK | |||
r-release-windows-x86_64 | 1.0.1 | 5.00 | 63.00 | 68.00 | OK | |
r-oldrel-macos-arm64 | 1.0.1 | 22.00 | OK | |||
r-oldrel-macos-x86_64 | 1.0.1 | 26.00 | OK | |||
r-oldrel-windows-x86_64 | 1.0.1 | 4.00 | 66.00 | 70.00 | OK |
Version: 1.0.1
Check: for non-standard things in the check directory
Result: NOTE
Found the following files/directories:
‘MetProc_output.pdf’ ‘sample_removed.csv’ ‘sample_retained.csv’
Flavors: r-devel-linux-x86_64-debian-clang, r-devel-linux-x86_64-debian-gcc, r-devel-linux-x86_64-fedora-clang, r-devel-linux-x86_64-fedora-gcc, r-patched-linux-x86_64, r-release-linux-x86_64