Last updated on 2024-08-31 11:49:33 CEST.
Flavor | Version | Tinstall | Tcheck | Ttotal | Status | Flags |
---|---|---|---|---|---|---|
r-devel-linux-x86_64-debian-clang | 0.10.0 | 58.01 | 304.02 | 362.03 | OK | |
r-devel-linux-x86_64-debian-gcc | 0.10.0 | 39.95 | 180.88 | 220.83 | OK | |
r-devel-linux-x86_64-fedora-clang | 0.10.0 | 599.24 | OK | |||
r-devel-linux-x86_64-fedora-gcc | 0.10.0 | 577.65 | OK | |||
r-devel-windows-x86_64 | 0.10.0 | 58.00 | 298.00 | 356.00 | OK | |
r-patched-linux-x86_64 | 0.10.0 | 56.07 | 271.47 | 327.54 | OK | |
r-release-linux-x86_64 | 0.10.0 | 61.01 | 267.59 | 328.60 | OK | |
r-release-macos-arm64 | 0.10.0 | 149.00 | NOTE | |||
r-release-macos-x86_64 | 0.10.0 | 297.00 | NOTE | |||
r-release-windows-x86_64 | 0.10.0 | 63.00 | 297.00 | 360.00 | OK | |
r-oldrel-macos-arm64 | 0.10.0 | 164.00 | NOTE | |||
r-oldrel-macos-x86_64 | 0.10.0 | 349.00 | NOTE | |||
r-oldrel-windows-x86_64 | 0.10.0 | 77.00 | 379.00 | 456.00 | OK |
Version: 0.10.0
Check: installed package size
Result: NOTE
installed size is 5.2Mb
sub-directories of 1Mb or more:
libs 3.6Mb
Flavors: r-release-macos-arm64, r-release-macos-x86_64, r-oldrel-macos-arm64, r-oldrel-macos-x86_64