Last updated on 2024-04-23 10:54:08 CEST.
Flavor | Version | Tinstall | Tcheck | Ttotal | Status | Flags |
---|---|---|---|---|---|---|
r-devel-linux-x86_64-debian-clang | 1.0 | 26.07 | 28.00 | 54.07 | NOTE | |
r-devel-linux-x86_64-debian-gcc | 1.0 | 19.73 | 21.81 | 41.54 | NOTE | |
r-devel-linux-x86_64-fedora-clang | 1.0 | 78.61 | NOTE | |||
r-devel-linux-x86_64-fedora-gcc | 1.0 | 79.47 | NOTE | |||
r-prerel-macos-arm64 | 1.0 | 22.00 | NOTE | |||
r-prerel-windows-x86_64 | 1.0 | 23.00 | 57.00 | 80.00 | NOTE | |
r-patched-linux-x86_64 | 1.0 | 28.09 | 26.53 | 54.62 | NOTE | |
r-release-linux-x86_64 | 1.0 | 31.22 | 27.48 | 58.70 | NOTE | |
r-release-macos-arm64 | 1.0 | 28.00 | NOTE | |||
r-release-macos-x86_64 | 1.0 | 38.00 | NOTE | |||
r-release-windows-x86_64 | 1.0 | 28.00 | 65.00 | 93.00 | NOTE | |
r-oldrel-macos-arm64 | 1.0 | 26.00 | NOTE | |||
r-oldrel-windows-x86_64 | 1.0 | 25.00 | 66.00 | 91.00 | NOTE |
Version: 1.0
Check: LazyData
Result: NOTE
'LazyData' is specified without a 'data' directory
Flavors: r-devel-linux-x86_64-debian-clang, r-devel-linux-x86_64-debian-gcc, r-devel-linux-x86_64-fedora-clang, r-devel-linux-x86_64-fedora-gcc, r-prerel-macos-arm64, r-prerel-windows-x86_64, r-patched-linux-x86_64, r-release-linux-x86_64, r-release-macos-arm64, r-release-macos-x86_64, r-release-windows-x86_64, r-oldrel-macos-arm64, r-oldrel-windows-x86_64
Version: 1.0
Check: compiled code
Result: NOTE
File ‘MediaK/libs/MediaK.so’:
Found no calls to: ‘R_registerRoutines’, ‘R_useDynamicSymbols’
It is good practice to register native routines and to disable symbol
search.
See ‘Writing portable packages’ in the ‘Writing R Extensions’ manual.
Flavors: r-devel-linux-x86_64-fedora-clang, r-devel-linux-x86_64-fedora-gcc