Last updated on 2023-11-27 11:54:32 CET.
Flavor | Version | Tinstall | Tcheck | Ttotal | Status | Flags |
---|---|---|---|---|---|---|
r-devel-linux-x86_64-debian-clang | 0.8.6 | 8.70 | 127.99 | 136.69 | OK | |
r-devel-linux-x86_64-debian-gcc | 0.8.6 | 8.81 | 106.20 | 115.01 | OK | |
r-devel-linux-x86_64-fedora-clang | 0.8.6 | 152.26 | NOTE | |||
r-devel-linux-x86_64-fedora-gcc | 0.8.6 | 173.93 | NOTE | |||
r-devel-windows-x86_64 | 0.8.6 | 10.00 | 125.00 | 135.00 | OK | |
r-patched-linux-x86_64 | 0.8.6 | 9.59 | 125.07 | 134.66 | OK | |
r-release-linux-x86_64 | 0.8.6 | 5.97 | 124.64 | 130.61 | OK | |
r-release-macos-arm64 | 0.8.6 | 81.00 | OK | |||
r-release-macos-x86_64 | 0.8.6 | 116.00 | OK | |||
r-release-windows-x86_64 | 0.8.6 | 14.00 | 142.00 | 156.00 | OK | |
r-oldrel-macos-arm64 | 0.8.6 | 90.00 | OK | |||
r-oldrel-macos-x86_64 | 0.8.6 | 77.00 | OK | |||
r-oldrel-windows-x86_64 | 0.8.6 | 14.00 | 146.00 | 160.00 | OK |
Version: 0.8.6
Check: data for non-ASCII characters
Result: NOTE
Note: found 54 marked UTF-8 strings
Flavors: r-devel-linux-x86_64-fedora-clang, r-devel-linux-x86_64-fedora-gcc