Last updated on 2025-02-01 12:48:30 CET.
Flavor | Version | Tinstall | Tcheck | Ttotal | Status | Flags |
---|---|---|---|---|---|---|
r-devel-linux-x86_64-debian-clang | 0.2.0 | 34.06 | 318.45 | 352.51 | ERROR | |
r-devel-linux-x86_64-debian-gcc | 0.2.0 | 23.75 | 205.09 | 228.84 | ERROR | |
r-devel-linux-x86_64-fedora-clang | 0.2.0 | 598.98 | ERROR | |||
r-devel-linux-x86_64-fedora-gcc | 0.2.0 | 553.20 | ERROR | |||
r-devel-windows-x86_64 | 0.2.0 | 28.00 | 212.00 | 240.00 | OK | |
r-patched-linux-x86_64 | 0.2.0 | 35.37 | 287.25 | 322.62 | ERROR | |
r-release-linux-x86_64 | 0.2.0 | 29.82 | 290.87 | 320.69 | ERROR | |
r-release-macos-arm64 | 0.2.0 | 132.00 | OK | |||
r-release-macos-x86_64 | 0.2.0 | 203.00 | OK | |||
r-release-windows-x86_64 | 0.2.0 | 32.00 | 250.00 | 282.00 | ERROR | |
r-oldrel-macos-arm64 | 0.2.0 | 151.00 | OK | |||
r-oldrel-macos-x86_64 | 0.2.0 | 219.00 | OK | |||
r-oldrel-windows-x86_64 | 0.2.0 | 44.00 | 350.00 | 394.00 | ERROR |
Version: 0.2.0
Check: tests
Result: ERROR
Running ‘testthat.R’ [15s/18s]
Running the tests in ‘tests/testthat.R’ failed.
Complete output:
> library(testthat)
> library(MazamaSpatialUtils)
Loading required package: sf
Linking to GEOS 3.13.0, GDAL 3.10.1, PROJ 9.5.1; sf_use_s2() is TRUE
> library(MazamaSpatialPlots)
>
> test_check("MazamaSpatialPlots")
[ FAIL 6 | WARN 0 | SKIP 0 | PASS 35 ]
══ Failed tests ════════════════════════════════════════════════════════════════
── Failure ('test-countyMap.R:62:3'): subsets by stateCode correctly ───────────
length(plottedStates) not equal to nrow(countyList).
1/1 mismatches
[1] 0 - 75 == -75
── Failure ('test-countyMap.R:63:3'): subsets by stateCode correctly ───────────
"WA" %in% plottedStates is not TRUE
`actual`: FALSE
`expected`: TRUE
── Failure ('test-countyMap.R:64:3'): subsets by stateCode correctly ───────────
"OR" %in% plottedStates is not TRUE
`actual`: FALSE
`expected`: TRUE
── Failure ('test-stateMap.R:59:3'): subsets by stateCode correctly ────────────
length(plottedStates) not equal to length(stateCodeList).
1/1 mismatches
[1] 0 - 2 == -2
── Failure ('test-stateMap.R:60:3'): subsets by stateCode correctly ────────────
"WA" %in% plottedStates is not TRUE
`actual`: FALSE
`expected`: TRUE
── Failure ('test-stateMap.R:61:3'): subsets by stateCode correctly ────────────
"OR" %in% plottedStates is not TRUE
`actual`: FALSE
`expected`: TRUE
[ FAIL 6 | WARN 0 | SKIP 0 | PASS 35 ]
Error: Test failures
Execution halted
Flavor: r-devel-linux-x86_64-debian-clang
Version: 0.2.0
Check: tests
Result: ERROR
Running ‘testthat.R’ [9s/13s]
Running the tests in ‘tests/testthat.R’ failed.
Complete output:
> library(testthat)
> library(MazamaSpatialUtils)
Loading required package: sf
Linking to GEOS 3.13.0, GDAL 3.10.1, PROJ 9.5.1; sf_use_s2() is TRUE
> library(MazamaSpatialPlots)
>
> test_check("MazamaSpatialPlots")
[ FAIL 6 | WARN 0 | SKIP 0 | PASS 35 ]
══ Failed tests ════════════════════════════════════════════════════════════════
── Failure ('test-countyMap.R:62:3'): subsets by stateCode correctly ───────────
length(plottedStates) not equal to nrow(countyList).
1/1 mismatches
[1] 0 - 75 == -75
── Failure ('test-countyMap.R:63:3'): subsets by stateCode correctly ───────────
"WA" %in% plottedStates is not TRUE
`actual`: FALSE
`expected`: TRUE
── Failure ('test-countyMap.R:64:3'): subsets by stateCode correctly ───────────
"OR" %in% plottedStates is not TRUE
`actual`: FALSE
`expected`: TRUE
── Failure ('test-stateMap.R:59:3'): subsets by stateCode correctly ────────────
length(plottedStates) not equal to length(stateCodeList).
1/1 mismatches
[1] 0 - 2 == -2
── Failure ('test-stateMap.R:60:3'): subsets by stateCode correctly ────────────
"WA" %in% plottedStates is not TRUE
`actual`: FALSE
`expected`: TRUE
── Failure ('test-stateMap.R:61:3'): subsets by stateCode correctly ────────────
"OR" %in% plottedStates is not TRUE
`actual`: FALSE
`expected`: TRUE
[ FAIL 6 | WARN 0 | SKIP 0 | PASS 35 ]
Error: Test failures
Execution halted
Flavor: r-devel-linux-x86_64-debian-gcc
Version: 0.2.0
Check: tests
Result: ERROR
Running ‘testthat.R’ [25s/67s]
Running the tests in ‘tests/testthat.R’ failed.
Complete output:
> library(testthat)
> library(MazamaSpatialUtils)
Loading required package: sf
Linking to GEOS 3.10.2, GDAL 3.4.3, PROJ 8.2.1; sf_use_s2() is TRUE
> library(MazamaSpatialPlots)
>
> test_check("MazamaSpatialPlots")
[ FAIL 6 | WARN 0 | SKIP 0 | PASS 35 ]
══ Failed tests ════════════════════════════════════════════════════════════════
── Failure ('test-countyMap.R:62:3'): subsets by stateCode correctly ───────────
length(plottedStates) not equal to nrow(countyList).
1/1 mismatches
[1] 0 - 75 == -75
── Failure ('test-countyMap.R:63:3'): subsets by stateCode correctly ───────────
"WA" %in% plottedStates is not TRUE
`actual`: FALSE
`expected`: TRUE
── Failure ('test-countyMap.R:64:3'): subsets by stateCode correctly ───────────
"OR" %in% plottedStates is not TRUE
`actual`: FALSE
`expected`: TRUE
── Failure ('test-stateMap.R:59:3'): subsets by stateCode correctly ────────────
length(plottedStates) not equal to length(stateCodeList).
1/1 mismatches
[1] 0 - 2 == -2
── Failure ('test-stateMap.R:60:3'): subsets by stateCode correctly ────────────
"WA" %in% plottedStates is not TRUE
`actual`: FALSE
`expected`: TRUE
── Failure ('test-stateMap.R:61:3'): subsets by stateCode correctly ────────────
"OR" %in% plottedStates is not TRUE
`actual`: FALSE
`expected`: TRUE
[ FAIL 6 | WARN 0 | SKIP 0 | PASS 35 ]
Error: Test failures
Execution halted
Flavor: r-devel-linux-x86_64-fedora-clang
Version: 0.2.0
Check: tests
Result: ERROR
Running ‘testthat.R’ [23s/34s]
Running the tests in ‘tests/testthat.R’ failed.
Complete output:
> library(testthat)
> library(MazamaSpatialUtils)
Loading required package: sf
Linking to GEOS 3.10.2, GDAL 3.4.3, PROJ 8.2.1; sf_use_s2() is TRUE
> library(MazamaSpatialPlots)
>
> test_check("MazamaSpatialPlots")
[ FAIL 6 | WARN 0 | SKIP 0 | PASS 35 ]
══ Failed tests ════════════════════════════════════════════════════════════════
── Failure ('test-countyMap.R:62:3'): subsets by stateCode correctly ───────────
length(plottedStates) not equal to nrow(countyList).
1/1 mismatches
[1] 0 - 75 == -75
── Failure ('test-countyMap.R:63:3'): subsets by stateCode correctly ───────────
"WA" %in% plottedStates is not TRUE
`actual`: FALSE
`expected`: TRUE
── Failure ('test-countyMap.R:64:3'): subsets by stateCode correctly ───────────
"OR" %in% plottedStates is not TRUE
`actual`: FALSE
`expected`: TRUE
── Failure ('test-stateMap.R:59:3'): subsets by stateCode correctly ────────────
length(plottedStates) not equal to length(stateCodeList).
1/1 mismatches
[1] 0 - 2 == -2
── Failure ('test-stateMap.R:60:3'): subsets by stateCode correctly ────────────
"WA" %in% plottedStates is not TRUE
`actual`: FALSE
`expected`: TRUE
── Failure ('test-stateMap.R:61:3'): subsets by stateCode correctly ────────────
"OR" %in% plottedStates is not TRUE
`actual`: FALSE
`expected`: TRUE
[ FAIL 6 | WARN 0 | SKIP 0 | PASS 35 ]
Error: Test failures
Execution halted
Flavor: r-devel-linux-x86_64-fedora-gcc
Version: 0.2.0
Check: tests
Result: ERROR
Running ‘testthat.R’ [13s/17s]
Running the tests in ‘tests/testthat.R’ failed.
Complete output:
> library(testthat)
> library(MazamaSpatialUtils)
Loading required package: sf
Linking to GEOS 3.13.0, GDAL 3.10.1, PROJ 9.5.1; sf_use_s2() is TRUE
> library(MazamaSpatialPlots)
>
> test_check("MazamaSpatialPlots")
[ FAIL 6 | WARN 0 | SKIP 0 | PASS 35 ]
══ Failed tests ════════════════════════════════════════════════════════════════
── Failure ('test-countyMap.R:62:3'): subsets by stateCode correctly ───────────
length(plottedStates) not equal to nrow(countyList).
1/1 mismatches
[1] 0 - 75 == -75
── Failure ('test-countyMap.R:63:3'): subsets by stateCode correctly ───────────
"WA" %in% plottedStates is not TRUE
`actual`: FALSE
`expected`: TRUE
── Failure ('test-countyMap.R:64:3'): subsets by stateCode correctly ───────────
"OR" %in% plottedStates is not TRUE
`actual`: FALSE
`expected`: TRUE
── Failure ('test-stateMap.R:59:3'): subsets by stateCode correctly ────────────
length(plottedStates) not equal to length(stateCodeList).
1/1 mismatches
[1] 0 - 2 == -2
── Failure ('test-stateMap.R:60:3'): subsets by stateCode correctly ────────────
"WA" %in% plottedStates is not TRUE
`actual`: FALSE
`expected`: TRUE
── Failure ('test-stateMap.R:61:3'): subsets by stateCode correctly ────────────
"OR" %in% plottedStates is not TRUE
`actual`: FALSE
`expected`: TRUE
[ FAIL 6 | WARN 0 | SKIP 0 | PASS 35 ]
Error: Test failures
Execution halted
Flavors: r-patched-linux-x86_64, r-release-linux-x86_64
Version: 0.2.0
Check: tests
Result: ERROR
Running 'testthat.R' [11s]
Running the tests in 'tests/testthat.R' failed.
Complete output:
> library(testthat)
> library(MazamaSpatialUtils)
Loading required package: sf
Linking to GEOS 3.12.2, GDAL 3.9.3, PROJ 9.4.1; sf_use_s2() is TRUE
> library(MazamaSpatialPlots)
>
> test_check("MazamaSpatialPlots")
[ FAIL 6 | WARN 0 | SKIP 0 | PASS 35 ]
══ Failed tests ════════════════════════════════════════════════════════════════
── Failure ('test-countyMap.R:62:3'): subsets by stateCode correctly ───────────
length(plottedStates) not equal to nrow(countyList).
1/1 mismatches
[1] 0 - 75 == -75
── Failure ('test-countyMap.R:63:3'): subsets by stateCode correctly ───────────
"WA" %in% plottedStates is not TRUE
`actual`: FALSE
`expected`: TRUE
── Failure ('test-countyMap.R:64:3'): subsets by stateCode correctly ───────────
"OR" %in% plottedStates is not TRUE
`actual`: FALSE
`expected`: TRUE
── Failure ('test-stateMap.R:59:3'): subsets by stateCode correctly ────────────
length(plottedStates) not equal to length(stateCodeList).
1/1 mismatches
[1] 0 - 2 == -2
── Failure ('test-stateMap.R:60:3'): subsets by stateCode correctly ────────────
"WA" %in% plottedStates is not TRUE
`actual`: FALSE
`expected`: TRUE
── Failure ('test-stateMap.R:61:3'): subsets by stateCode correctly ────────────
"OR" %in% plottedStates is not TRUE
`actual`: FALSE
`expected`: TRUE
[ FAIL 6 | WARN 0 | SKIP 0 | PASS 35 ]
Error: Test failures
Execution halted
Flavor: r-release-windows-x86_64
Version: 0.2.0
Check: tests
Result: ERROR
Running 'testthat.R' [17s]
Running the tests in 'tests/testthat.R' failed.
Complete output:
> library(testthat)
> library(MazamaSpatialUtils)
Loading required package: sf
Linking to GEOS 3.11.2, GDAL 3.8.2, PROJ 9.3.1; sf_use_s2() is TRUE
> library(MazamaSpatialPlots)
>
> test_check("MazamaSpatialPlots")
[ FAIL 6 | WARN 0 | SKIP 0 | PASS 35 ]
══ Failed tests ════════════════════════════════════════════════════════════════
── Failure ('test-countyMap.R:62:3'): subsets by stateCode correctly ───────────
length(plottedStates) not equal to nrow(countyList).
1/1 mismatches
[1] 0 - 75 == -75
── Failure ('test-countyMap.R:63:3'): subsets by stateCode correctly ───────────
"WA" %in% plottedStates is not TRUE
`actual`: FALSE
`expected`: TRUE
── Failure ('test-countyMap.R:64:3'): subsets by stateCode correctly ───────────
"OR" %in% plottedStates is not TRUE
`actual`: FALSE
`expected`: TRUE
── Failure ('test-stateMap.R:59:3'): subsets by stateCode correctly ────────────
length(plottedStates) not equal to length(stateCodeList).
1/1 mismatches
[1] 0 - 2 == -2
── Failure ('test-stateMap.R:60:3'): subsets by stateCode correctly ────────────
"WA" %in% plottedStates is not TRUE
`actual`: FALSE
`expected`: TRUE
── Failure ('test-stateMap.R:61:3'): subsets by stateCode correctly ────────────
"OR" %in% plottedStates is not TRUE
`actual`: FALSE
`expected`: TRUE
[ FAIL 6 | WARN 0 | SKIP 0 | PASS 35 ]
Error: Test failures
Execution halted
Flavor: r-oldrel-windows-x86_64