Last updated on 2025-04-29 12:52:41 CEST.
Flavor | Version | Tinstall | Tcheck | Ttotal | Status | Flags |
---|---|---|---|---|---|---|
r-devel-linux-x86_64-debian-clang | 1.1 | 1.48 | 21.93 | 23.41 | NOTE | |
r-devel-linux-x86_64-debian-gcc | 1.1 | 1.35 | 16.29 | 17.64 | NOTE | |
r-devel-linux-x86_64-fedora-clang | 1.1 | 36.70 | OK | |||
r-devel-linux-x86_64-fedora-gcc | 1.1 | 35.26 | OK | |||
r-devel-windows-x86_64 | 1.1 | 2.00 | 41.00 | 43.00 | OK | |
r-patched-linux-x86_64 | 1.1 | 1.55 | 20.62 | 22.17 | OK | |
r-release-linux-x86_64 | 1.1 | 1.85 | 20.56 | 22.41 | OK | |
r-release-macos-arm64 | 1.1 | 16.00 | OK | |||
r-release-macos-x86_64 | 1.1 | 25.00 | OK | |||
r-release-windows-x86_64 | 1.1 | 4.00 | 42.00 | 46.00 | OK | |
r-oldrel-macos-arm64 | 1.1 | 15.00 | OK | |||
r-oldrel-macos-x86_64 | 1.1 | 23.00 | OK | |||
r-oldrel-windows-x86_64 | 1.1 | 2.00 | 41.00 | 43.00 | OK |
Version: 1.1
Check: CRAN incoming feasibility
Result: NOTE
Maintainer: ‘Cinzia Franceschini <cinziafranceschini@msn.com>’
No Authors@R field in DESCRIPTION.
Please add one, modifying
Authors@R: c(person(given = "Cinzia",
family = "Franceschini",
role = c("aut", "cre"),
email = "cinziafranceschini@msn.com"),
person(given = "Nicola",
family = "Loperfido",
role = "aut"))
as necessary.
Flavors: r-devel-linux-x86_64-debian-clang, r-devel-linux-x86_64-debian-gcc