CRAN Package Check Results for Package MassWateR

Last updated on 2024-07-23 12:57:37 CEST.

Flavor Version Tinstall Tcheck Ttotal Status Flags
r-devel-linux-x86_64-debian-clang 2.1.4 12.69 169.57 182.26 OK
r-devel-linux-x86_64-debian-gcc 2.1.4 6.33 126.27 132.60 NOTE
r-devel-linux-x86_64-fedora-clang 2.1.4 223.39 OK
r-devel-linux-x86_64-fedora-gcc 2.1.4 221.71 OK
r-devel-windows-x86_64 2.1.4 11.00 142.00 153.00 NOTE
r-patched-linux-x86_64 2.1.4 13.55 166.50 180.05 OK
r-release-linux-x86_64 2.1.4 6.62 160.51 167.13 OK
r-release-macos-arm64 2.1.4 71.00 OK
r-release-macos-x86_64 2.1.4 99.00 OK
r-release-windows-x86_64 2.1.4 11.00 139.00 150.00 OK
r-oldrel-macos-arm64 2.1.4 67.00 OK
r-oldrel-macos-x86_64 2.1.4 231.00 OK
r-oldrel-windows-x86_64 2.1.4 14.00 183.00 197.00 OK

Check Details

Version: 2.1.4
Check: Rd cross-references
Result: NOTE Found the following Rd file(s) with Rd \link{} targets missing package anchors: tabMWRacc.Rd: flextable tabMWRcom.Rd: flextable tabMWRfre.Rd: flextable Please provide package anchors for all Rd \link{} targets not in the package itself and the base packages. Flavors: r-devel-linux-x86_64-debian-gcc, r-devel-windows-x86_64