CRAN Package Check Results for Package MarginalMediation

Last updated on 2022-06-26 11:52:36 CEST.

Flavor Version Tinstall Tcheck Ttotal Status Flags
r-devel-linux-x86_64-debian-clang 0.7.2 5.87 112.20 118.07 NOTE
r-devel-linux-x86_64-debian-gcc 0.7.2 3.94 81.26 85.20 NOTE
r-devel-linux-x86_64-fedora-clang 0.7.2 153.35 NOTE
r-devel-linux-x86_64-fedora-gcc 0.7.2 143.54 NOTE
r-devel-windows-x86_64 0.7.2 54.00 143.00 197.00 NOTE
r-patched-linux-x86_64 0.7.2 4.26 101.75 106.01 OK
r-release-linux-x86_64 0.7.2 6.93 101.99 108.92 OK
r-release-macos-arm64 0.7.2 33.00 OK
r-release-macos-x86_64 0.7.2 61.00 OK
r-release-windows-x86_64 0.7.2 49.00 140.00 189.00 OK
r-oldrel-macos-arm64 0.7.2 35.00 OK
r-oldrel-macos-x86_64 0.7.2 56.00 OK
r-oldrel-windows-ix86+x86_64 0.7.2 15.00 138.00 153.00 OK

Check Details

Version: 0.7.2
Check: Rd files
Result: NOTE
    checkRd: (-1) mma.Rd:67: Escaped LaTeX specials: \&
Flavors: r-devel-linux-x86_64-debian-clang, r-devel-linux-x86_64-debian-gcc, r-devel-linux-x86_64-fedora-clang, r-devel-linux-x86_64-fedora-gcc, r-devel-windows-x86_64