Last updated on 2024-04-19 11:56:51 CEST.
Flavor | Version | Tinstall | Tcheck | Ttotal | Status | Flags |
---|---|---|---|---|---|---|
r-devel-linux-x86_64-debian-clang | 1.0.1 | 244.17 | 31.94 | 276.11 | OK | |
r-devel-linux-x86_64-debian-gcc | 1.0.1 | OK | ||||
r-devel-linux-x86_64-fedora-clang | 1.0.1 | 550.15 | OK | |||
r-devel-linux-x86_64-fedora-gcc | 1.0.1 | 475.52 | OK | |||
r-prerel-macos-arm64 | 1.0.1 | 79.00 | NOTE | |||
r-prerel-windows-x86_64 | 1.0.1 | 445.00 | 78.00 | 523.00 | OK | |
r-patched-linux-x86_64 | 1.0.1 | 251.09 | 30.65 | 281.74 | OK | |
r-release-linux-x86_64 | 1.0.1 | 263.39 | 30.55 | 293.94 | OK | |
r-release-macos-arm64 | 1.0.1 | 94.00 | NOTE | |||
r-release-macos-x86_64 | 1.0.1 | 171.00 | NOTE | |||
r-release-windows-x86_64 | 1.0.1 | 434.00 | 81.00 | 515.00 | OK | |
r-oldrel-macos-arm64 | 1.0.1 | 98.00 | NOTE | |||
r-oldrel-windows-x86_64 | 1.0.1 | 458.00 | 77.00 | 535.00 | OK |
Version: 1.0.1
Check: installed package size
Result: NOTE
installed size is 10.1Mb
sub-directories of 1Mb or more:
libs 9.8Mb
Flavors: r-prerel-macos-arm64, r-release-macos-arm64, r-release-macos-x86_64, r-oldrel-macos-arm64