Last updated on 2022-06-25 10:53:07 CEST.
Flavor | Version | Tinstall | Tcheck | Ttotal | Status | Flags |
---|---|---|---|---|---|---|
r-devel-linux-x86_64-debian-clang | 0.6.2 | 12.46 | 84.05 | 96.51 | NOTE | |
r-devel-linux-x86_64-debian-gcc | 0.6.2 | 9.23 | 64.35 | 73.58 | NOTE | |
r-devel-linux-x86_64-fedora-clang | 0.6.2 | 133.05 | WARN | |||
r-devel-linux-x86_64-fedora-gcc | 0.6.2 | 122.57 | WARN | |||
r-devel-windows-x86_64 | 0.6.2 | 29.00 | 110.00 | 139.00 | NOTE | |
r-patched-linux-x86_64 | 0.6.2 | 12.51 | 80.69 | 93.20 | NOTE | |
r-release-linux-x86_64 | 0.6.2 | 11.25 | 82.21 | 93.46 | NOTE | |
r-release-macos-arm64 | 0.6.2 | 36.00 | NOTE | |||
r-release-macos-x86_64 | 0.6.2 | 50.00 | NOTE | |||
r-release-windows-x86_64 | 0.6.2 | 27.00 | 110.00 | 137.00 | NOTE | |
r-oldrel-macos-arm64 | 0.6.2 | 42.00 | NOTE | |||
r-oldrel-macos-x86_64 | 0.6.2 | 67.00 | NOTE | |||
r-oldrel-windows-ix86+x86_64 | 0.6.2 | 24.00 | 108.00 | 132.00 | NOTE |
Version: 0.6.2
Check: LazyData
Result: NOTE
'LazyData' is specified without a 'data' directory
Flavors: r-devel-linux-x86_64-debian-clang, r-devel-linux-x86_64-debian-gcc, r-devel-linux-x86_64-fedora-clang, r-devel-linux-x86_64-fedora-gcc, r-devel-windows-x86_64, r-patched-linux-x86_64, r-release-linux-x86_64, r-release-macos-arm64, r-release-macos-x86_64, r-release-windows-x86_64, r-oldrel-macos-arm64, r-oldrel-macos-x86_64, r-oldrel-windows-ix86+x86_64
Version: 0.6.2
Check: package dependencies
Result: WARN
Requires orphaned package: ‘gtools’
Flavors: r-devel-linux-x86_64-fedora-clang, r-devel-linux-x86_64-fedora-gcc