CRAN Package Check Results for Package MVNtestchar

Last updated on 2023-01-27 11:49:33 CET.

Flavor Version Tinstall Tcheck Ttotal Status Flags
r-devel-linux-x86_64-debian-clang 1.1.3 3.47 37.54 41.01 OK
r-devel-linux-x86_64-debian-gcc 1.1.3 1.78 29.13 30.91 OK
r-devel-linux-x86_64-fedora-clang 1.1.3 55.49 NOTE
r-devel-linux-x86_64-fedora-gcc 1.1.3 63.89 NOTE
r-devel-windows-x86_64 1.1.3 12.00 64.00 76.00 OK
r-patched-linux-x86_64 1.1.3 2.69 36.73 39.42 OK
r-release-linux-x86_64 1.1.3 3.07 37.81 40.88 OK
r-release-macos-arm64 1.1.3 22.00 NOTE
r-release-macos-x86_64 1.1.3 37.00 NOTE
r-release-windows-x86_64 1.1.3 19.00 73.00 92.00 OK
r-oldrel-macos-arm64 1.1.3 22.00 NOTE
r-oldrel-macos-x86_64 1.1.3 38.00 NOTE
r-oldrel-windows-ix86+x86_64 1.1.3 9.00 67.00 76.00 OK

Check Details

Version: 1.1.3
Check: dependencies in R code
Result: NOTE
    Namespaces in Imports field not imported from:
     ‘ggplot2’ ‘grDevices’ ‘knitr’ ‘utils’
     All declared Imports should be used.
Flavors: r-devel-linux-x86_64-fedora-clang, r-devel-linux-x86_64-fedora-gcc, r-release-macos-arm64, r-release-macos-x86_64, r-oldrel-macos-arm64, r-oldrel-macos-x86_64