CRAN Package Check Results for Package MScombine

Last updated on 2022-06-30 11:53:13 CEST.

Flavor Version Tinstall Tcheck Ttotal Status Flags
r-devel-linux-x86_64-debian-clang 1.4 2.68 28.39 31.07 NOTE
r-devel-linux-x86_64-debian-gcc 1.4 2.31 22.25 24.56 NOTE
r-devel-linux-x86_64-fedora-clang 1.4 50.32 NOTE
r-devel-linux-x86_64-fedora-gcc 1.4 48.04 NOTE
r-devel-windows-x86_64 1.4 15.00 55.00 70.00 NOTE
r-patched-linux-x86_64 1.4 2.52 28.12 30.64 NOTE
r-release-linux-x86_64 1.4 2.36 27.43 29.79 NOTE
r-release-macos-arm64 1.4 16.00 NOTE
r-release-macos-x86_64 1.4 23.00 NOTE
r-release-windows-x86_64 1.4 16.00 55.00 71.00 NOTE
r-oldrel-macos-arm64 1.4 20.00 NOTE
r-oldrel-macos-x86_64 1.4 29.00 NOTE
r-oldrel-windows-ix86+x86_64 1.4 8.00 50.00 58.00 NOTE

Check Details

Version: 1.4
Check: LazyData
Result: NOTE
     'LazyData' is specified without a 'data' directory
Flavors: r-devel-linux-x86_64-debian-clang, r-devel-linux-x86_64-debian-gcc, r-devel-linux-x86_64-fedora-clang, r-devel-linux-x86_64-fedora-gcc, r-devel-windows-x86_64, r-patched-linux-x86_64, r-release-linux-x86_64, r-release-macos-arm64, r-release-macos-x86_64, r-release-windows-x86_64, r-oldrel-macos-arm64, r-oldrel-macos-x86_64, r-oldrel-windows-ix86+x86_64