Last updated on 2023-02-02 11:54:08 CET.
Flavor | Version | Tinstall | Tcheck | Ttotal | Status | Flags |
---|---|---|---|---|---|---|
r-devel-linux-x86_64-debian-clang | 1.0.0 | 2.80 | 30.59 | 33.39 | NOTE | |
r-devel-linux-x86_64-debian-gcc | 1.0.0 | 1.78 | 24.28 | 26.06 | NOTE | |
r-devel-linux-x86_64-fedora-clang | 1.0.0 | 42.21 | NOTE | |||
r-devel-linux-x86_64-fedora-gcc | 1.0.0 | 55.21 | NOTE | |||
r-devel-windows-x86_64 | 1.0.0 | 12.00 | 63.00 | 75.00 | NOTE | |
r-patched-linux-x86_64 | 1.0.0 | 2.82 | 30.61 | 33.43 | OK | |
r-release-linux-x86_64 | 1.0.0 | 2.24 | 30.91 | 33.15 | OK | |
r-release-macos-arm64 | 1.0.0 | 21.00 | OK | |||
r-release-macos-x86_64 | 1.0.0 | 31.00 | OK | |||
r-release-windows-x86_64 | 1.0.0 | 10.00 | 64.00 | 74.00 | OK | |
r-oldrel-macos-arm64 | 1.0.0 | 25.00 | OK | |||
r-oldrel-macos-x86_64 | 1.0.0 | 33.00 | OK | |||
r-oldrel-windows-ix86+x86_64 | 1.0.0 | 7.00 | 57.00 | 64.00 | OK |
Version: 1.0.0
Check: Rd files
Result: NOTE
checkRd: (-1) genotype_data.Rd:7: Escaped LaTeX specials: \_
checkRd: (-1) genotype_data.Rd:18: Escaped LaTeX specials: \_
checkRd: (-1) phenotype_data.Rd:15: Escaped LaTeX specials: \_
Flavors: r-devel-linux-x86_64-debian-clang, r-devel-linux-x86_64-debian-gcc, r-devel-linux-x86_64-fedora-clang, r-devel-linux-x86_64-fedora-gcc, r-devel-windows-x86_64