Last updated on 2022-06-30 11:53:13 CEST.
Flavor | Version | Tinstall | Tcheck | Ttotal | Status | Flags |
---|---|---|---|---|---|---|
r-devel-linux-x86_64-debian-clang | 0.1-20 | 2.61 | 27.70 | 30.31 | NOTE | |
r-devel-linux-x86_64-debian-gcc | 0.1-20 | 1.95 | 21.26 | 23.21 | NOTE | |
r-devel-linux-x86_64-fedora-clang | 0.1-20 | 48.44 | NOTE | |||
r-devel-linux-x86_64-fedora-gcc | 0.1-20 | 45.20 | NOTE | |||
r-devel-windows-x86_64 | 0.1-20 | 28.00 | 53.00 | 81.00 | NOTE | |
r-patched-linux-x86_64 | 0.1-20 | 3.04 | 25.70 | 28.74 | OK | |
r-release-linux-x86_64 | 0.1-20 | 2.03 | 26.37 | 28.40 | OK | |
r-release-macos-arm64 | 0.1-20 | 16.00 | OK | |||
r-release-macos-x86_64 | 0.1-20 | 23.00 | OK | |||
r-release-windows-x86_64 | 0.1-20 | 22.00 | 52.00 | 74.00 | OK | |
r-oldrel-macos-arm64 | 0.1-20 | 17.00 | OK | |||
r-oldrel-macos-x86_64 | 0.1-20 | 27.00 | OK | |||
r-oldrel-windows-ix86+x86_64 | 0.1-20 | 6.00 | 45.00 | 51.00 | OK |
Version: 0.1-20
Check: Rd files
Result: NOTE
checkRd: (-1) Context.Rd:27: Escaped LaTeX specials: \&
checkRd: (-1) binom.diagnostics.Rd:48: Escaped LaTeX specials: \&
checkRd: (-1) psyfun.boot.Rd:23: Escaped LaTeX specials: \&
checkRd: (-1) psyfun.boot.Rd:28: Escaped LaTeX specials: \&
Flavors: r-devel-linux-x86_64-debian-clang, r-devel-linux-x86_64-debian-gcc, r-devel-linux-x86_64-fedora-clang, r-devel-linux-x86_64-fedora-gcc, r-devel-windows-x86_64
Version: 0.1-20
Check: Rd cross-references
Result: NOTE
Undeclared package ‘lme4’ in Rd xrefs
Flavor: r-devel-linux-x86_64-fedora-clang